-- https://www.phpmyadmin.net/
--
-- Hôte : 127.0.0.1
-- Généré le :  sam. 25 nov. 2023 à 23:05
-- Version du serveur :  10.1.37-MariaDB
-- Version de PHP :  7.1.26

START TRANSACTION;



--
-- Base de données :  `alertesethiques`
--

-- --------------------------------------------------------

--
-- Structure de la table `acteurs`
--

CREATE TABLE `acteurs` (
  `id` int(11) NOT NULL,
  `typeacteur_id` int(11) DEFAULT NULL,
  `users_id` int(11) DEFAULT NULL,
  `zoneanader_id` int(11) DEFAULT NULL,
  `departement_id` int(11) DEFAULT NULL,
  `sousprefecture_id` int(11) DEFAULT NULL,
  `directionanader_id` int(11) DEFAULT NULL,
  `sigle` varchar(255) COLLATE utf8_unicode_ci NOT NULL,
  `contact` varchar(255) COLLATE utf8_unicode_ci NOT NULL,
  `nom` varchar(255) COLLATE utf8_unicode_ci DEFAULT NULL,
  `prenom` varchar(255) COLLATE utf8_unicode_ci DEFAULT NULL
) ENGINE=InnoDB DEFAULT CHARSET=utf8 COLLATE=utf8_unicode_ci;

-- --------------------------------------------------------

--
-- Structure de la table `agent`
--

CREATE TABLE `agent` (
  `id` int(11) NOT NULL,
  `directionregionale_id` int(11) DEFAULT NULL,
  `zone_id` int(11) DEFAULT NULL,
  `matricule` varchar(255) COLLATE utf8_unicode_ci NOT NULL,
  `nom` varchar(255) COLLATE utf8_unicode_ci NOT NULL,
  `prenom` varchar(255) COLLATE utf8_unicode_ci NOT NULL,
  `contact` varchar(255) COLLATE utf8_unicode_ci NOT NULL,
  `fonction` varchar(255) COLLATE utf8_unicode_ci NOT NULL
) ENGINE=InnoDB DEFAULT CHARSET=utf8 COLLATE=utf8_unicode_ci;

-- --------------------------------------------------------

--
-- Structure de la table `agent_localite`
--

CREATE TABLE `agent_localite` (
  `id` int(11) NOT NULL,
  `agent_id` int(11) DEFAULT NULL,
  `localite_id` int(11) DEFAULT NULL
) ENGINE=InnoDB DEFAULT CHARSET=utf8 COLLATE=utf8_unicode_ci;

-- --------------------------------------------------------

--
-- Structure de la table `alertes`
--

CREATE TABLE `alertes` (
  `id` int(11) NOT NULL,
  `contenualerte` tinytext COLLATE utf8_unicode_ci,
  `datealerte` date DEFAULT NULL,
  `gpsalerte` varchar(255) COLLATE utf8_unicode_ci DEFAULT NULL,
  `nomagent` varchar(255) COLLATE utf8_unicode_ci DEFAULT NULL,
  `matricule` varchar(255) COLLATE utf8_unicode_ci DEFAULT NULL,
  `fonction` varchar(255) COLLATE utf8_unicode_ci DEFAULT NULL,
  `contact` varchar(255) COLLATE utf8_unicode_ci DEFAULT NULL,
  `directionregionale_id` int(11) DEFAULT NULL,
  `zone_id` int(11) DEFAULT NULL,
  `statut` tinyint(1) DEFAULT NULL,
  `observation` tinytext COLLATE utf8_unicode_ci,
  `datecalerte` date NOT NULL,
  `objetalerte_id` int(11) DEFAULT NULL,
  `autreobjet` varchar(255) COLLATE utf8_unicode_ci DEFAULT NULL,
  `annee` varchar(255) COLLATE utf8_unicode_ci DEFAULT NULL,
  `statutvalide` varchar(255) COLLATE utf8_unicode_ci DEFAULT NULL,
  `statutautorise` varchar(255) COLLATE utf8_unicode_ci DEFAULT NULL,
  `photoalerte` varchar(255) COLLATE utf8_unicode_ci DEFAULT NULL
) ENGINE=InnoDB DEFAULT CHARSET=utf8 COLLATE=utf8_unicode_ci;

--
-- Déchargement des données de la table `alertes`
--

INSERT INTO `alertes` (`id`, `contenualerte`, `datealerte`, `gpsalerte`, `nomagent`, `matricule`, `fonction`, `contact`, `directionregionale_id`, `zone_id`, `statut`, `observation`, `datecalerte`, `objetalerte_id`, `autreobjet`, `annee`, `statutvalide`, `statutautorise`, `photoalerte`) VALUES
(7, 'fyjukjguh', '2023-03-16', NULL, 'SERGES KOLELA', '6000L', 'CZ', '0140316335', 8, 20, 1, '', '0000-00-00', NULL, '', NULL, NULL, NULL, NULL),
(8, 'oups là', '2023-03-17', NULL, 'SANGOKU', '5250L', 'ADR', '0707969445', 6, 9, 1, 'Alerte avérée. Personne mise en cause en conseil de discipline', '0000-00-00', NULL, '', NULL, NULL, NULL, NULL),
(9, 'BABAYULOAJNN', '2023-03-16', NULL, 'GAGADO SOLOMON', '5250V', 'DR', '0503848682', 6, 11, 0, NULL, '0000-00-00', NULL, '', NULL, NULL, NULL, NULL),
(10, 'IL LAPPE LE BLE ML MAL ON NE PEUT MEME PAS BARA', '2023-03-15', NULL, 'GRAND BADOUSSAIRE', '1000B', 'CTR', '2702321220', 6, 5, 0, NULL, '0000-00-00', NULL, '', NULL, NULL, NULL, NULL),
(11, 'CDVBVDFBDGNG', '2023-03-14', NULL, 'SERGES KOLELA', '', 'TSOPA', '0707969446', 3, 9, 1, 'ghvjvvjvk', '0000-00-00', NULL, '', NULL, NULL, NULL, NULL),
(12, '7521', '2023-03-23', NULL, '42152k', '1000B', 'km!,', 'ln!::;!,', 4, 12, 0, NULL, '0000-00-00', NULL, '', NULL, NULL, NULL, NULL),
(13, 'DVQDSVFBFBXBXFBVFB', '2023-03-23', NULL, 'GAGADO SOLOMON', '5007V', 'ADR', '012365478962', 4, 13, 0, NULL, '0000-00-00', NULL, '', NULL, NULL, NULL, NULL),
(14, 'htj nhf;;;::::', '2023-03-24', NULL, 'KOUABLAN RICHARD KOUAKOU 3', '5007V', 'TSOPA', '2702321220', 8, 21, 0, NULL, '0000-00-00', NULL, '', NULL, NULL, NULL, NULL),
(15, '94561320', '2023-03-24', NULL, 'GAGADO SOLOMON', '1000B', 'DR', '0503848682', 6, 13, 0, NULL, '0000-00-00', NULL, '', NULL, NULL, NULL, NULL),
(16, 'vb', '2023-03-24', NULL, 'GRAND BADOUSSAIRE', '1000B', 'ADR', '0503848682', 4, 16, 0, NULL, '0000-00-00', NULL, '', NULL, NULL, NULL, NULL),
(17, 'dvvvv00', '2023-03-26', NULL, 'KOUABLAN RICHARD KOUAKOU 3', '6000L', 'TSOPA', '0140316335', 8, 16, 0, NULL, '0000-00-00', NULL, '', NULL, NULL, NULL, NULL),
(18, '000', '2023-03-20', NULL, 'GAGADO SOLOMON', '5250L', 'DR', '0707969445', 2, 6, 0, NULL, '0000-00-00', NULL, '', NULL, NULL, NULL, NULL),
(19, '0000001', '2023-03-20', NULL, 'GRAND BADOUSSAIRE', '6000L', 'TSOPA', '2702321220', 4, 10, 0, NULL, '0000-00-00', NULL, '', NULL, NULL, NULL, NULL),
(20, '777777', '2023-03-27', NULL, 'GRAND BADOUSSAIRE', '6000L', 'CTR', '0707969446', 6, 13, 0, NULL, '0000-00-00', NULL, '', NULL, NULL, NULL, NULL),
(21, '000', '2023-03-28', NULL, 'KOUABLAN RICHARD KOUAKOU 3', '6000L', 'ADR', '0503848682', 5, 11, 0, NULL, '0000-00-00', NULL, '', NULL, NULL, NULL, NULL),
(22, '1111111111111111', '2023-03-20', NULL, 'KOUABLAN RICHARD KOUAKOU', '1000B', 'ADR', '0503848682', 6, 11, 0, NULL, '0000-00-00', NULL, '', NULL, NULL, NULL, NULL),
(23, '00000008888', '2023-03-24', NULL, 'GRAND BADOUSSAIRE', '5250L', 'ADR', '0503848682', 3, 17, 0, NULL, '0000-00-00', NULL, '', NULL, NULL, NULL, NULL),
(24, '999999999999999999999', '2023-04-02', NULL, 'GAGADO SOLOMON', '1000B', 'DR', 'ln!::;!,', 5, 19, 0, NULL, '0000-00-00', NULL, '', NULL, NULL, NULL, NULL),
(25, '44444444444444', '2023-04-05', NULL, 'GAGADO SOLOMON', '5007V', 'ADR', '0707969445', 4, 13, 0, NULL, '0000-00-00', NULL, '', NULL, NULL, NULL, NULL),
(26, '1324\r\n34\r\n31310.', '2023-03-22', NULL, 'KOUABLAN RICHARD KOUAKOU', '1000B', 'DR', '0503848682', 6, 15, 0, NULL, '0000-00-00', NULL, '', NULL, NULL, NULL, NULL),
(27, 'dffgfb', '2023-04-09', NULL, 'GRAND BADOUSSAIRE', '5007V', 'TSOPA', '0707969446', 6, 16, 0, NULL, '0000-00-00', NULL, '', NULL, NULL, NULL, NULL),
(28, 'scsvddvdv01', '2023-03-26', NULL, 'bfdfdfd', '0007A', 'cz', '0140316334', 2, 13, 0, NULL, '0000-00-00', NULL, '', NULL, NULL, NULL, NULL),
(29, 'dvgfb', '2023-04-01', NULL, 'GAGADO SOLOMON', '6000L', 'DR', '2702321220', 4, 13, 0, NULL, '0000-00-00', NULL, '', NULL, NULL, NULL, NULL),
(30, '00000000000000000', '2023-03-25', NULL, 'KOUABLAN RICHARD KOUAKOU', '6000L', 'ADR', '0140316335', 3, 14, 0, NULL, '0000-00-00', NULL, '', NULL, NULL, NULL, NULL),
(31, '8520', '2023-03-25', NULL, 'GRAND BADOUSSAIRE', '5250L', 'TSOPA', '0707969445', 5, 15, 0, NULL, '0000-00-00', NULL, '', NULL, NULL, NULL, NULL),
(32, '555', '2023-03-26', NULL, 'cvvcv', '1000B', 'TSOPA', '0140316335', 7, 12, 0, NULL, '0000-00-00', NULL, '', NULL, NULL, NULL, NULL),
(33, 'sdfqdfc', '2023-05-05', NULL, 'KOUABLAN RICHARD KOUAKOU', NULL, 'CT', NULL, 8, 41, 0, NULL, '2023-05-05', NULL, '', NULL, NULL, NULL, NULL),
(34, 'VOL AVERE', '2023-06-01', NULL, 'GOBELET ACIER', '0007Q', 'OPCV', '2250707969445', 1, 15, 0, NULL, '2023-06-01', NULL, '', NULL, NULL, NULL, NULL),
(35, 'fyciyi', '2023-06-02', NULL, 'bfdfdfd', '0007A', 'adr', '0140316334', 1, 3, 0, NULL, '2023-06-01', NULL, '', NULL, NULL, NULL, NULL),
(36, 'gfxhfhcghg', '2023-06-11', NULL, 'issouf', '4000v', 'uuu', '010140312363', 4, 30, 0, NULL, '2023-06-11', NULL, '', NULL, NULL, NULL, NULL),
(37, 'tttttttttttttt', '2023-06-12', NULL, 'ooooooooo', '24127777', '0123411252', '42222222424242', 1, 1, 0, NULL, '2023-06-11', 1, NULL, NULL, 'Autorisé', NULL, NULL),
(38, 'ou', '2023-06-13', NULL, 'ppppppppppp', '5555555', 'ppppppppp', '222222222222', 3, 17, 0, NULL, '2023-06-11', NULL, '', NULL, NULL, NULL, NULL),
(39, 'olo', '2023-06-16', NULL, 'pooo', '0021o', 'knkb', '0201524123', 8, 41, 0, NULL, '2023-06-11', 4, '', NULL, NULL, NULL, NULL),
(40, 'pppppppppppp', '2023-06-19', NULL, 'kpa', '0007p', 'adr', '0140316334', 4, 26, 0, NULL, '2023-06-11', 4, '', NULL, NULL, NULL, NULL),
(41, 'gdhgxcb', '2023-06-11', NULL, 'azdzsf', '2222o', 'scsdv', '0707969445', 8, 57, 0, 'Pas fondé', '2023-06-11', 1, NULL, NULL, 'Irrecevable', NULL, NULL),
(42, 'C\'est un dur', '2023-06-28', NULL, NULL, NULL, NULL, NULL, 4, 30, 0, 'Prière engager l\'enquête', '2023-06-11', 3, 'VIOL', NULL, 'Recevable', NULL, NULL),
(43, 'biiiiiiiiiiiiiiiiiiiim', '2023-06-14', NULL, NULL, NULL, NULL, NULL, 4, 28, 0, 'transmettre à DGA', '2023-06-14', 3, NULL, '2023', 'Dénoué', NULL, NULL),
(44, 'yakro', '2023-07-05', NULL, 'felemou', NULL, 'tsa', NULL, 1, 2, NULL, NULL, '2023-07-05', 3, NULL, '2023', NULL, NULL, NULL),
(45, 'gbgbgbbg', '2023-08-23', NULL, 'brou', '5250l', 'adr', '0102366541', 5, 9, NULL, NULL, '2023-08-23', 3, NULL, '2023', NULL, NULL, NULL),
(46, NULL, '2023-11-14', NULL, 'SIA POPO', NULL, 'CHAUFFEUR', '0100000000', 3, 20, NULL, NULL, '2023-11-07', 3, NULL, '2023', NULL, NULL, NULL),
(47, NULL, '2023-11-08', NULL, 'BOB', NULL, 'DISI', NULL, 1, 1, NULL, 'ok', '2023-11-07', 1, NULL, '2023', 'Autorisé', NULL, NULL),
(48, NULL, '2023-11-10', NULL, 'BOBY', NULL, NULL, NULL, 1, 1, NULL, 'Le comité a mon autorisation pour procéder au traitement', '2023-11-07', 1, NULL, '2023', 'Autorisé', NULL, NULL),
(49, NULL, '2023-11-17', NULL, 'UN AGENT', NULL, NULL, NULL, 8, 41, NULL, NULL, '2023-11-08', 3, NULL, '2023', NULL, NULL, NULL),
(50, NULL, '2023-11-23', NULL, 'CIX', NULL, NULL, NULL, 4, 25, NULL, NULL, '2023-11-08', 1, NULL, '2023', NULL, NULL, NULL),
(51, 'cbxvbxvbvx', '2023-11-08', NULL, NULL, 'xcxcxc', NULL, NULL, 1, 1, NULL, 'Vous avez le GO', '2023-11-08', 1, 'VOL', '2023', 'Autorisé', NULL, NULL),
(52, 'ON ATTEND', '2023-11-09', NULL, NULL, NULL, 'EPL', NULL, 1, 1, NULL, 'DGA+++', '2023-11-09', 1, NULL, '2023', 'Recevable', NULL, '09112023235005.jpeg'),
(53, NULL, '2023-11-09', NULL, NULL, NULL, NULL, '0101155235', 1, 1, NULL, 'Engager la procedure', '2023-11-10', 2, 'VOL', '2023', 'Autorisé', NULL, NULL),
(54, 'wvgfbxwbv', '2023-11-11', NULL, 'TOTA', NULL, 'ADR', '0101010102', 4, 25, NULL, 'dga', '2023-11-11', 2, NULL, '2023', 'Recevable', NULL, NULL),
(55, NULL, '2023-11-12', NULL, 'ZIGZAG', NULL, 'CHAUFFEUR', '0101010000', 4, 30, NULL, 'dga', '2023-11-12', 5, 'DET', '2023', 'Recevable', NULL, NULL),
(56, 'n n n', '2023-11-25', NULL, 'hgcjhch', NULL, NULL, NULL, 1, 1, NULL, 'DGA++', '2023-11-12', 2, NULL, '2023', 'Recevable', NULL, NULL),
(57, 'bien', '2023-11-14', NULL, NULL, NULL, 'adr', NULL, 1, 10, NULL, 'dga', '2023-11-12', 1, NULL, '2023', 'Recevable', NULL, NULL),
(58, 'ABDBCBV/J V.VVB V XV', '2023-11-30', NULL, 'DJACK', NULL, 'TSCP', NULL, 4, 28, NULL, 'br', '2023-11-13', 2, NULL, '2023', 'Recevable', NULL, NULL),
(59, 'okkkk', '2023-11-20', NULL, 'roro', NULL, NULL, NULL, 4, 28, NULL, 'AVERE', '2023-11-20', 2, NULL, '2023', 'Dénoué', NULL, '20112023155547.png'),
(60, 'SFGSFGSFG\r\nTEST REJET', '2023-11-26', NULL, 'issouf', NULL, NULL, NULL, 2, 11, NULL, 'ENQUETE OUVERTE', '2023-11-24', 3, NULL, '2023', 'Recevable', NULL, '24112023152151.jpeg');

-- --------------------------------------------------------

--
-- Structure de la table `collecte`
--

CREATE TABLE `collecte` (
  `id` int(11) NOT NULL,
  `directionanader_id` int(11) DEFAULT NULL,
  `typespeculation_id` int(11) DEFAULT NULL,
  `zoneanader_id` int(11) DEFAULT NULL,
  `produits_id` int(11) DEFAULT NULL,
  `departement_id` int(11) DEFAULT NULL,
  `sousprefecture_id` int(11) DEFAULT NULL,
  `acteur_id` int(11) DEFAULT NULL,
  `users_id` int(11) DEFAULT NULL,
  `contactacteur` varchar(255) COLLATE utf8_unicode_ci DEFAULT NULL,
  `annee` int(11) NOT NULL,
  `contactpartenaire` varchar(255) COLLATE utf8_unicode_ci DEFAULT NULL,
  `prix` int(11) NOT NULL,
  `quantite` double NOT NULL,
  `datetransa` date NOT NULL,
  `partenairecommercial` varchar(255) COLLATE utf8_unicode_ci NOT NULL,
  `typepartenairecommercial` varchar(255) COLLATE utf8_unicode_ci NOT NULL,
  `observation` tinytext COLLATE utf8_unicode_ci NOT NULL,
  `modepaiement` varchar(225) COLLATE utf8_unicode_ci NOT NULL
) ENGINE=InnoDB DEFAULT CHARSET=utf8 COLLATE=utf8_unicode_ci;

-- --------------------------------------------------------

--
-- Structure de la table `departement`
--

CREATE TABLE `departement` (
  `id` int(11) NOT NULL,
  `region_id` int(11) DEFAULT NULL,
  `libelle` varchar(255) COLLATE utf8_unicode_ci NOT NULL,
  `statut` tinyint(1) NOT NULL
) ENGINE=InnoDB DEFAULT CHARSET=utf8 COLLATE=utf8_unicode_ci;

-- --------------------------------------------------------

--
-- Structure de la table `direction_anader`
--

CREATE TABLE `direction_anader` (
  `id` int(11) NOT NULL,
  `libelle` varchar(255) COLLATE utf8_unicode_ci NOT NULL
) ENGINE=InnoDB DEFAULT CHARSET=utf8 COLLATE=utf8_unicode_ci;

-- --------------------------------------------------------

--
-- Structure de la table `direction_regionale`
--

CREATE TABLE `direction_regionale` (
  `id` int(11) NOT NULL,
  `libelledr` varchar(255) COLLATE utf8_unicode_ci NOT NULL
) ENGINE=InnoDB DEFAULT CHARSET=utf8 COLLATE=utf8_unicode_ci;

--
-- Déchargement des données de la table `direction_regionale`
--

INSERT INTO `direction_regionale` (`id`, `libelledr`) VALUES
(1, 'DIRECTION REGIONALE CENTRE'),
(2, 'DIRECTION REGIONALE CENTRE EST'),
(3, 'DIRECTION REGIONALE CENTRE OUEST'),
(4, 'DIRECTION REGIONALE NORD'),
(5, 'DIRECTION REGIONALE OUEST'),
(6, 'DIRECTION REGIONALE SUD'),
(7, 'DIRECTION REGIONALE SUD OUEST'),
(8, 'SIEGE');

-- --------------------------------------------------------

--
-- Structure de la table `fusion`
--

CREATE TABLE `fusion` (
  `id` int(11) NOT NULL,
  `speculation_id` int(11) DEFAULT NULL,
  `requete_id` int(11) DEFAULT NULL
) ENGINE=InnoDB DEFAULT CHARSET=utf8 COLLATE=utf8_unicode_ci;

-- --------------------------------------------------------

--
-- Structure de la table `indicateur`
--

CREATE TABLE `indicateur` (
  `id` int(11) NOT NULL,
  `nom` varchar(255) COLLATE utf8_unicode_ci NOT NULL
) ENGINE=InnoDB DEFAULT CHARSET=utf8 COLLATE=utf8_unicode_ci;

-- --------------------------------------------------------

--
-- Structure de la table `localite`
--

CREATE TABLE `localite` (
  `id` int(11) NOT NULL,
  `users_id` int(11) DEFAULT NULL,
  `sousprefecture_id` int(11) DEFAULT NULL,
  `zoneanader_id` int(11) DEFAULT NULL,
  `libelle` varchar(255) COLLATE utf8_unicode_ci NOT NULL
) ENGINE=InnoDB DEFAULT CHARSET=utf8 COLLATE=utf8_unicode_ci;

-- --------------------------------------------------------

--
-- Structure de la table `mouvementstock`
--

CREATE TABLE `mouvementstock` (
  `id` int(11) NOT NULL,
  `qteinitiale` varchar(255) COLLATE utf8_unicode_ci NOT NULL,
  `qtefinale` varchar(255) COLLATE utf8_unicode_ci NOT NULL,
  `description` tinytext COLLATE utf8_unicode_ci NOT NULL,
  `dateadd` varchar(255) COLLATE utf8_unicode_ci NOT NULL
) ENGINE=InnoDB DEFAULT CHARSET=utf8 COLLATE=utf8_unicode_ci;

-- --------------------------------------------------------

--
-- Structure de la table `objet_alerte`
--

CREATE TABLE `objet_alerte` (
  `id` int(11) NOT NULL,
  `libelle_objet` varchar(255) COLLATE utf8_unicode_ci NOT NULL
) ENGINE=InnoDB DEFAULT CHARSET=utf8 COLLATE=utf8_unicode_ci;

--
-- Déchargement des données de la table `objet_alerte`
--

INSERT INTO `objet_alerte` (`id`, `libelle_objet`) VALUES
(1, 'HARCELEMENT SEXUEL'),
(2, 'HARCELEMENT MORAL'),
(3, 'DETOURNEMENT DE FONDS'),
(4, 'DECLARATIONS MENSONGERES'),
(5, 'AUTRES');

-- --------------------------------------------------------

--
-- Structure de la table `pays`
--

CREATE TABLE `pays` (
  `id` int(11) NOT NULL,
  `nom` varchar(255) COLLATE utf8_unicode_ci NOT NULL
) ENGINE=InnoDB DEFAULT CHARSET=utf8 COLLATE=utf8_unicode_ci;

-- --------------------------------------------------------

--
-- Structure de la table `produits`
--

CREATE TABLE `produits` (
  `id` int(11) NOT NULL,
  `typespeculation_id` int(11) DEFAULT NULL,
  `libelle` varchar(255) COLLATE utf8_unicode_ci NOT NULL
) ENGINE=InnoDB DEFAULT CHARSET=utf8 COLLATE=utf8_unicode_ci;

-- --------------------------------------------------------

--
-- Structure de la table `produit_acteur`
--

CREATE TABLE `produit_acteur` (
  `id` int(11) NOT NULL,
  `produit_id` int(11) DEFAULT NULL,
  `acteur_id` int(11) DEFAULT NULL
) ENGINE=InnoDB DEFAULT CHARSET=utf8 COLLATE=utf8_unicode_ci;

-- --------------------------------------------------------

--
-- Structure de la table `publication`
--

CREATE TABLE `publication` (
  `id` int(11) NOT NULL,
  `users_id` int(11) DEFAULT NULL,
  `acteur_id` int(11) DEFAULT NULL,
  `produit_id` int(11) DEFAULT NULL,
  `departement_id` int(11) DEFAULT NULL,
  `sousprefecture_id` int(11) DEFAULT NULL,
  `zoneanader_id` int(11) DEFAULT NULL,
  `typespeculation_id` int(11) DEFAULT NULL,
  `directionanader_id` int(11) DEFAULT NULL,
  `date` date NOT NULL,
  `commentaire` tinytext COLLATE utf8_unicode_ci,
  `prix` int(11) NOT NULL,
  `quantite` double NOT NULL,
  `quantitev` decimal(10,0) DEFAULT NULL,
  `qualite` varchar(255) COLLATE utf8_unicode_ci NOT NULL,
  `annee` int(11) NOT NULL,
  `statut` varchar(255) COLLATE utf8_unicode_ci NOT NULL,
  `typeoffre` varchar(255) COLLATE utf8_unicode_ci NOT NULL
) ENGINE=InnoDB DEFAULT CHARSET=utf8 COLLATE=utf8_unicode_ci;

-- --------------------------------------------------------

--
-- Structure de la table `region`
--

CREATE TABLE `region` (
  `id` int(11) NOT NULL,
  `libelle` varchar(255) COLLATE utf8_unicode_ci NOT NULL,
  `statut` tinyint(1) NOT NULL
) ENGINE=InnoDB DEFAULT CHARSET=utf8 COLLATE=utf8_unicode_ci;

-- --------------------------------------------------------

--
-- Structure de la table `requete`
--

CREATE TABLE `requete` (
  `id` int(11) NOT NULL,
  `users_id` int(11) DEFAULT NULL,
  `agent_id` int(11) DEFAULT NULL,
  `statutrequete_id` int(11) DEFAULT NULL,
  `description` longtext COLLATE utf8_unicode_ci NOT NULL,
  `raison` varchar(255) COLLATE utf8_unicode_ci NOT NULL,
  `piecejointe` varchar(255) COLLATE utf8_unicode_ci DEFAULT NULL,
  `dateformulation` date NOT NULL,
  `delaitraitelent` date DEFAULT NULL,
  `datevalidation` date DEFAULT NULL,
  `observation` longtext COLLATE utf8_unicode_ci,
  `observationagent` longtext COLLATE utf8_unicode_ci
) ENGINE=InnoDB DEFAULT CHARSET=utf8 COLLATE=utf8_unicode_ci;

-- --------------------------------------------------------

--
-- Structure de la table `slide`
--

CREATE TABLE `slide` (
  `id` int(11) NOT NULL,
  `image` varchar(255) COLLATE utf8_unicode_ci DEFAULT NULL,
  `titre` varchar(255) COLLATE utf8_unicode_ci DEFAULT NULL,
  `url` varchar(255) COLLATE utf8_unicode_ci DEFAULT NULL,
  `statut` tinyint(1) NOT NULL
) ENGINE=InnoDB DEFAULT CHARSET=utf8 COLLATE=utf8_unicode_ci;

-- --------------------------------------------------------

--
-- Structure de la table `sousprefecture`
--

CREATE TABLE `sousprefecture` (
  `id` int(11) NOT NULL,
  `departement_id` int(11) DEFAULT NULL,
  `libelle` varchar(255) COLLATE utf8_unicode_ci NOT NULL,
  `statut` tinyint(1) NOT NULL
) ENGINE=InnoDB DEFAULT CHARSET=utf8 COLLATE=utf8_unicode_ci;

-- --------------------------------------------------------

--
-- Structure de la table `speculation`
--

CREATE TABLE `speculation` (
  `id` int(11) NOT NULL,
  `indicateur_id` int(11) DEFAULT NULL,
  `typespeculation_id` int(11) DEFAULT NULL,
  `nom` varchar(255) COLLATE utf8_unicode_ci NOT NULL
) ENGINE=InnoDB DEFAULT CHARSET=utf8 COLLATE=utf8_unicode_ci;

-- --------------------------------------------------------

--
-- Structure de la table `statutrequete`
--

CREATE TABLE `statutrequete` (
  `id` int(11) NOT NULL,
  `libellestatut` varchar(255) COLLATE utf8_unicode_ci NOT NULL
) ENGINE=InnoDB DEFAULT CHARSET=utf8 COLLATE=utf8_unicode_ci;

-- --------------------------------------------------------

--
-- Structure de la table `stocksms`
--

CREATE TABLE `stocksms` (
  `id` int(11) NOT NULL,
  `users_id` int(11) DEFAULT NULL,
  `prixunitaire` int(11) NOT NULL,
  `qteinitiale` int(11) NOT NULL,
  `utilise` tinyint(1) NOT NULL,
  `fini` tinyint(1) DEFAULT NULL,
  `dateadd` date NOT NULL
) ENGINE=InnoDB DEFAULT CHARSET=utf8 COLLATE=utf8_unicode_ci;

-- --------------------------------------------------------

--
-- Structure de la table `type_acteur`
--

CREATE TABLE `type_acteur` (
  `id` int(11) NOT NULL,
  `libelle` varchar(255) COLLATE utf8_unicode_ci NOT NULL
) ENGINE=InnoDB DEFAULT CHARSET=utf8 COLLATE=utf8_unicode_ci;

-- --------------------------------------------------------

--
-- Structure de la table `type_speculation`
--

CREATE TABLE `type_speculation` (
  `id` int(11) NOT NULL,
  `libelle` varchar(255) COLLATE utf8_unicode_ci NOT NULL
) ENGINE=InnoDB DEFAULT CHARSET=utf8 COLLATE=utf8_unicode_ci;

-- --------------------------------------------------------

--
-- Structure de la table `zone`
--

CREATE TABLE `zone` (
  `id` int(11) NOT NULL,
  `libellezone` varchar(255) COLLATE utf8_unicode_ci NOT NULL,
  `directionregionale` varchar(255) COLLATE utf8_unicode_ci NOT NULL
) ENGINE=InnoDB DEFAULT CHARSET=utf8 COLLATE=utf8_unicode_ci;

--
-- Déchargement des données de la table `zone`
--

INSERT INTO `zone` (`id`, `libellezone`, `directionregionale`) VALUES
(1, 'BEOUMI', '1'),
(2, 'BOCANDA', '1'),
(3, 'BOUAKE', '1'),
(4, 'DIMBOKRO', '1'),
(5, 'MANKONO', '1'),
(6, 'M\'BAHIAKRO', '1'),
(7, 'SAKASSOU', '1'),
(8, 'TIEBISSOU', '1'),
(9, 'TOUMODI', '1'),
(10, 'YAMOUSSOUKRO', '1'),
(11, 'ABENGOUROU', '2'),
(12, 'BONDOUKOU', '2'),
(13, 'BONGOUANOU', '2'),
(14, 'BOUNA', '2'),
(15, 'DAOUKRO', '2'),
(16, 'TANDA', '2'),
(17, 'BOUAFLE', '3'),
(18, 'DALOA', '3'),
(19, 'ISSIA', '3'),
(20, 'SEGUELA', '3'),
(21, 'SINFRA', '3'),
(22, 'VAVOUA', '3'),
(23, 'ZUENOULA', '3'),
(24, 'BOUNDIALI', '4'),
(25, 'DABAKALA', '4'),
(26, 'FERKE', '4'),
(27, 'KATIOLA', '4'),
(28, 'KORHOGO', '4'),
(29, 'MINIGNAN', '4'),
(30, 'ODIENNE', '4'),
(31, 'TENGRELA', '4'),
(32, 'BANGOLO', '5'),
(33, 'BIANKOUMA', '5'),
(34, 'DANANE', '5'),
(35, 'DUEKOUE', '5'),
(36, 'GUIGLO', '5'),
(37, 'KOUIBLY', '5'),
(38, 'MAN', '5'),
(39, 'TOUBA', '5'),
(40, 'TOULEPLEU', '5'),
(41, 'ABIDJAN', '6'),
(42, 'ABOISSO', '6'),
(43, 'ADZOPE', '6'),
(44, 'AGBOVILLE', '6'),
(45, 'ALEPE', '6'),
(46, 'DABOU', '6'),
(47, 'GRAND-LAHOU', '6'),
(48, 'TIASSALE', '6'),
(49, 'DIVO', '7'),
(50, 'GAGNOA', '7'),
(51, 'LAKOTA', '7'),
(52, 'OUME', '7'),
(53, 'SAN PEDRO', '7'),
(54, 'SASSANDRA', '7'),
(55, 'SOUBRE', '7'),
(56, 'TABOU', '7'),
(57, 'SIEGE', '8'),
(58, 'CENTRE DE FORMATION BINGERVILLE', '8'),
(59, 'CENTRE DE FORMATION KOTOBI', '2'),
(60, 'CENTRE DE FORMATION GD LAHOU', '6'),
(61, 'CENTRE DE FORMATION GAGNOA', '7'),
(62, 'DR SIEGE ABIDJAN', '6'),
(63, 'DR SIEGE ABENGOUROU', '2'),
(64, 'DR SIEGE BOUAKE', '1'),
(65, 'DR SIEGE MAN', '5'),
(66, 'DR SIEGE SAN PEDRO', '7'),
(67, 'DR SIEGE DALOA', '3'),
(68, 'DR SIEGE KORHOGO', '4');

-- --------------------------------------------------------

--
-- Structure de la table `zonesousprefecture`
--

CREATE TABLE `zonesousprefecture` (
  `id` int(11) NOT NULL,
  `zoneanader_id` int(11) DEFAULT NULL,
  `sousprefecture_id` int(11) DEFAULT NULL
) ENGINE=InnoDB DEFAULT CHARSET=utf8 COLLATE=utf8_unicode_ci;

-- --------------------------------------------------------

--
-- Structure de la table `zone_anader`
--

CREATE TABLE `zone_anader` (
  `id` int(11) NOT NULL,
  `directionanader_id` int(11) DEFAULT NULL,
  `libelle` varchar(255) COLLATE utf8_unicode_ci NOT NULL,
  `chef` varchar(255) COLLATE utf8_unicode_ci DEFAULT NULL
) ENGINE=InnoDB DEFAULT CHARSET=utf8 COLLATE=utf8_unicode_ci;

--
-- Index pour les tables déchargées
--

--
-- Index pour la table `acteurs`
--
ALTER TABLE `acteurs`
  ADD PRIMARY KEY (`id`),
  ADD KEY `IDX_B85835AC395035D6` (`typeacteur_id`),
  ADD KEY `IDX_B85835AC67B3B43D` (`users_id`),
  ADD KEY `IDX_B85835ACD94C7C28` (`zoneanader_id`),
  ADD KEY `IDX_B85835ACCCF9E01E` (`departement_id`),
  ADD KEY `IDX_B85835AC78F2F2A9` (`sousprefecture_id`),
  ADD KEY `IDX_B85835ACBA6573E5` (`directionanader_id`);

--
-- Index pour la table `agent`
--
ALTER TABLE `agent`
  ADD PRIMARY KEY (`id`),
  ADD KEY `IDX_268B9C9D2BC623C1` (`directionregionale_id`),
  ADD KEY `IDX_268B9C9D9F2C3FAB` (`zone_id`);

--
-- Index pour la table `agent_localite`
--
ALTER TABLE `agent_localite`
  ADD PRIMARY KEY (`id`),
  ADD KEY `IDX_C306FD3D3414710B` (`agent_id`),
  ADD KEY `IDX_C306FD3D924DD2B5` (`localite_id`);

--
-- Index pour la table `alertes`
--
ALTER TABLE `alertes`
  ADD PRIMARY KEY (`id`),
  ADD KEY `IDX_DD01B8CC2BC623C1` (`directionregionale_id`),
  ADD KEY `IDX_DD01B8CC9F2C3FAB` (`zone_id`),
  ADD KEY `IDX_DD01B8CCB38B047B` (`objetalerte_id`);

--
-- Index pour la table `collecte`
--
ALTER TABLE `collecte`
  ADD PRIMARY KEY (`id`),
  ADD KEY `IDX_55AE4A3DBA6573E5` (`directionanader_id`),
  ADD KEY `IDX_55AE4A3D830AC58A` (`typespeculation_id`),
  ADD KEY `IDX_55AE4A3DD94C7C28` (`zoneanader_id`),
  ADD KEY `IDX_55AE4A3DCD11A2CF` (`produits_id`),
  ADD KEY `IDX_55AE4A3DCCF9E01E` (`departement_id`),
  ADD KEY `IDX_55AE4A3D78F2F2A9` (`sousprefecture_id`),
  ADD KEY `IDX_55AE4A3DDA6F574A` (`acteur_id`),
  ADD KEY `IDX_55AE4A3D67B3B43D` (`users_id`);

--
-- Index pour la table `departement`
--
ALTER TABLE `departement`
  ADD PRIMARY KEY (`id`),
  ADD KEY `IDX_C1765B6398260155` (`region_id`);

--
-- Index pour la table `direction_anader`
--
ALTER TABLE `direction_anader`
  ADD PRIMARY KEY (`id`);

--
-- Index pour la table `direction_regionale`
--
ALTER TABLE `direction_regionale`
  ADD PRIMARY KEY (`id`);

--
-- Index pour la table `fusion`
--
ALTER TABLE `fusion`
  ADD PRIMARY KEY (`id`),
  ADD KEY `IDX_28BEE6B15CB73291` (`speculation_id`),
  ADD KEY `IDX_28BEE6B118FB544F` (`requete_id`);

--
-- Index pour la table `indicateur`
--
ALTER TABLE `indicateur`
  ADD PRIMARY KEY (`id`);

--
-- Index pour la table `localite`
--
ALTER TABLE `localite`
  ADD PRIMARY KEY (`id`),
  ADD KEY `IDX_F5D7E4A967B3B43D` (`users_id`),
  ADD KEY `IDX_F5D7E4A978F2F2A9` (`sousprefecture_id`),
  ADD KEY `IDX_F5D7E4A9D94C7C28` (`zoneanader_id`);

--
-- Index pour la table `mouvementstock`
--
ALTER TABLE `mouvementstock`
  ADD PRIMARY KEY (`id`);

--
-- Index pour la table `objet_alerte`
--
ALTER TABLE `objet_alerte`
  ADD PRIMARY KEY (`id`);

--
-- Index pour la table `pays`
--
ALTER TABLE `pays`
  ADD PRIMARY KEY (`id`);

--
-- Index pour la table `produits`
--
ALTER TABLE `produits`
  ADD PRIMARY KEY (`id`),
  ADD KEY `IDX_BE2DDF8C830AC58A` (`typespeculation_id`);

--
-- Index pour la table `produit_acteur`
--
ALTER TABLE `produit_acteur`
  ADD PRIMARY KEY (`id`),
  ADD KEY `IDX_1DA81858F347EFB` (`produit_id`),
  ADD KEY `IDX_1DA81858DA6F574A` (`acteur_id`);

--
-- Index pour la table `publication`
--
ALTER TABLE `publication`
  ADD PRIMARY KEY (`id`),
  ADD KEY `IDX_AF3C677967B3B43D` (`users_id`),
  ADD KEY `IDX_AF3C6779DA6F574A` (`acteur_id`),
  ADD KEY `IDX_AF3C6779F347EFB` (`produit_id`),
  ADD KEY `IDX_AF3C6779CCF9E01E` (`departement_id`),
  ADD KEY `IDX_AF3C677978F2F2A9` (`sousprefecture_id`),
  ADD KEY `IDX_AF3C6779D94C7C28` (`zoneanader_id`),
  ADD KEY `IDX_AF3C6779830AC58A` (`typespeculation_id`),
  ADD KEY `IDX_AF3C6779BA6573E5` (`directionanader_id`);

--
-- Index pour la table `region`
--
ALTER TABLE `region`
  ADD PRIMARY KEY (`id`);

--
-- Index pour la table `requete`
--
ALTER TABLE `requete`
  ADD PRIMARY KEY (`id`),
  ADD KEY `IDX_1E6639AA67B3B43D` (`users_id`),
  ADD KEY `IDX_1E6639AA3414710B` (`agent_id`),
  ADD KEY `IDX_1E6639AAF4C96090` (`statutrequete_id`);

--
-- Index pour la table `slide`
--
ALTER TABLE `slide`
  ADD PRIMARY KEY (`id`);

--
-- Index pour la table `sousprefecture`
--
ALTER TABLE `sousprefecture`
  ADD PRIMARY KEY (`id`),
  ADD KEY `IDX_FD731B48CCF9E01E` (`departement_id`);

--
-- Index pour la table `speculation`
--
ALTER TABLE `speculation`
  ADD PRIMARY KEY (`id`),
  ADD KEY `IDX_3C9EF136DA3B8F3D` (`indicateur_id`),
  ADD KEY `IDX_3C9EF136830AC58A` (`typespeculation_id`);

--
-- Index pour la table `statutrequete`
--
ALTER TABLE `statutrequete`
  ADD PRIMARY KEY (`id`);

--
-- Index pour la table `stocksms`
--
ALTER TABLE `stocksms`
  ADD PRIMARY KEY (`id`),
  ADD KEY `IDX_DB259E5767B3B43D` (`users_id`);

--
-- Index pour la table `type_acteur`
--
ALTER TABLE `type_acteur`
  ADD PRIMARY KEY (`id`);

--
-- Index pour la table `type_speculation`
--
ALTER TABLE `type_speculation`
  ADD PRIMARY KEY (`id`);

--
-- Index pour la table `zone`
--
ALTER TABLE `zone`
  ADD PRIMARY KEY (`id`);

--
-- Index pour la table `zonesousprefecture`
--
ALTER TABLE `zonesousprefecture`
  ADD PRIMARY KEY (`id`),
  ADD KEY `IDX_4D23189AD94C7C28` (`zoneanader_id`),
  ADD KEY `IDX_4D23189A78F2F2A9` (`sousprefecture_id`);

--
-- Index pour la table `zone_anader`
--
ALTER TABLE `zone_anader`
  ADD PRIMARY KEY (`id`),
  ADD KEY `IDX_1BEE06ABA6573E5` (`directionanader_id`);

--
-- AUTO_INCREMENT pour les tables déchargées
--

--
-- AUTO_INCREMENT pour la table `acteurs`
--
ALTER TABLE `acteurs`
  MODIFY `id` int(11) NOT NULL AUTO_INCREMENT;

--
-- AUTO_INCREMENT pour la table `agent`
--
ALTER TABLE `agent`
  MODIFY `id` int(11) NOT NULL AUTO_INCREMENT;

--
-- AUTO_INCREMENT pour la table `agent_localite`
--
ALTER TABLE `agent_localite`
  MODIFY `id` int(11) NOT NULL AUTO_INCREMENT;

--
-- AUTO_INCREMENT pour la table `alertes`
--
ALTER TABLE `alertes`
  MODIFY `id` int(11) NOT NULL AUTO_INCREMENT, AUTO_INCREMENT=61;

--
-- AUTO_INCREMENT pour la table `collecte`
--
ALTER TABLE `collecte`
  MODIFY `id` int(11) NOT NULL AUTO_INCREMENT;

--
-- AUTO_INCREMENT pour la table `departement`
--
ALTER TABLE `departement`
  MODIFY `id` int(11) NOT NULL AUTO_INCREMENT;

--
-- AUTO_INCREMENT pour la table `direction_anader`
--
ALTER TABLE `direction_anader`
  MODIFY `id` int(11) NOT NULL AUTO_INCREMENT;

--
-- AUTO_INCREMENT pour la table `direction_regionale`
--
ALTER TABLE `direction_regionale`
  MODIFY `id` int(11) NOT NULL AUTO_INCREMENT, AUTO_INCREMENT=9;

--
-- AUTO_INCREMENT pour la table `fusion`
--
ALTER TABLE `fusion`
  MODIFY `id` int(11) NOT NULL AUTO_INCREMENT;

--
-- AUTO_INCREMENT pour la table `indicateur`
--
ALTER TABLE `indicateur`
  MODIFY `id` int(11) NOT NULL AUTO_INCREMENT;

--
-- AUTO_INCREMENT pour la table `localite`
--
ALTER TABLE `localite`
  MODIFY `id` int(11) NOT NULL AUTO_INCREMENT;

--
-- AUTO_INCREMENT pour la table `mouvementstock`
--
ALTER TABLE `mouvementstock`
  MODIFY `id` int(11) NOT NULL AUTO_INCREMENT;

--
-- AUTO_INCREMENT pour la table `objet_alerte`
--
ALTER TABLE `objet_alerte`
  MODIFY `id` int(11) NOT NULL AUTO_INCREMENT, AUTO_INCREMENT=6;

--
-- AUTO_INCREMENT pour la table `pays`
--
ALTER TABLE `pays`
  MODIFY `id` int(11) NOT NULL AUTO_INCREMENT;

--
-- AUTO_INCREMENT pour la table `produits`
--
ALTER TABLE `produits`
  MODIFY `id` int(11) NOT NULL AUTO_INCREMENT;

--
-- AUTO_INCREMENT pour la table `produit_acteur`
--
ALTER TABLE `produit_acteur`
  MODIFY `id` int(11) NOT NULL AUTO_INCREMENT;

--
-- AUTO_INCREMENT pour la table `publication`
--
ALTER TABLE `publication`
  MODIFY `id` int(11) NOT NULL AUTO_INCREMENT;

--
-- AUTO_INCREMENT pour la table `region`
--
ALTER TABLE `region`
  MODIFY `id` int(11) NOT NULL AUTO_INCREMENT;

--
-- AUTO_INCREMENT pour la table `requete`
--
ALTER TABLE `requete`
  MODIFY `id` int(11) NOT NULL AUTO_INCREMENT;

--
-- AUTO_INCREMENT pour la table `slide`
--
ALTER TABLE `slide`
  MODIFY `id` int(11) NOT NULL AUTO_INCREMENT;

--
-- AUTO_INCREMENT pour la table `sousprefecture`
--
ALTER TABLE `sousprefecture`
  MODIFY `id` int(11) NOT NULL AUTO_INCREMENT;

--
-- AUTO_INCREMENT pour la table `speculation`
--
ALTER TABLE `speculation`
  MODIFY `id` int(11) NOT NULL AUTO_INCREMENT;

--
-- AUTO_INCREMENT pour la table `statutrequete`
--
ALTER TABLE `statutrequete`
  MODIFY `id` int(11) NOT NULL AUTO_INCREMENT;

--
-- AUTO_INCREMENT pour la table `stocksms`
--
ALTER TABLE `stocksms`
  MODIFY `id` int(11) NOT NULL AUTO_INCREMENT;

--
-- AUTO_INCREMENT pour la table `type_acteur`
--
ALTER TABLE `type_acteur`
  MODIFY `id` int(11) NOT NULL AUTO_INCREMENT;

--
-- AUTO_INCREMENT pour la table `type_speculation`
--
ALTER TABLE `type_speculation`
  MODIFY `id` int(11) NOT NULL AUTO_INCREMENT;

--
-- AUTO_INCREMENT pour la table `zone`
--
ALTER TABLE `zone`
  MODIFY `id` int(11) NOT NULL AUTO_INCREMENT, AUTO_INCREMENT=69;

--
-- AUTO_INCREMENT pour la table `zonesousprefecture`
--
ALTER TABLE `zonesousprefecture`
  MODIFY `id` int(11) NOT NULL AUTO_INCREMENT;

--
-- AUTO_INCREMENT pour la table `zone_anader`
--
ALTER TABLE `zone_anader`
  MODIFY `id` int(11) NOT NULL AUTO_INCREMENT;

--
-- Contraintes pour les tables déchargées
--

--
-- Contraintes pour la table `acteurs`
--
ALTER TABLE `acteurs`
  ADD CONSTRAINT `FK_B85835AC395035D6` FOREIGN KEY (`typeacteur_id`) REFERENCES `type_acteur` (`id`),
  ADD CONSTRAINT `FK_B85835AC67B3B43D` FOREIGN KEY (`users_id`) REFERENCES `users` (`id`),
  ADD CONSTRAINT `FK_B85835AC78F2F2A9` FOREIGN KEY (`sousprefecture_id`) REFERENCES `sousprefecture` (`id`),
  ADD CONSTRAINT `FK_B85835ACBA6573E5` FOREIGN KEY (`directionanader_id`) REFERENCES `direction_anader` (`id`),
  ADD CONSTRAINT `FK_B85835ACCCF9E01E` FOREIGN KEY (`departement_id`) REFERENCES `departement` (`id`),
  ADD CONSTRAINT `FK_B85835ACD94C7C28` FOREIGN KEY (`zoneanader_id`) REFERENCES `zone_anader` (`id`);

--
-- Contraintes pour la table `agent`
--
ALTER TABLE `agent`
  ADD CONSTRAINT `FK_268B9C9D2BC623C1` FOREIGN KEY (`directionregionale_id`) REFERENCES `direction_regionale` (`id`),
  ADD CONSTRAINT `FK_268B9C9D9F2C3FAB` FOREIGN KEY (`zone_id`) REFERENCES `zone` (`id`);

--
-- Contraintes pour la table `agent_localite`
--
ALTER TABLE `agent_localite`
  ADD CONSTRAINT `FK_C306FD3D3414710B` FOREIGN KEY (`agent_id`) REFERENCES `users` (`id`),
  ADD CONSTRAINT `FK_C306FD3D924DD2B5` FOREIGN KEY (`localite_id`) REFERENCES `localite` (`id`);

--
-- Contraintes pour la table `alertes`
--
ALTER TABLE `alertes`
  ADD CONSTRAINT `FK_DD01B8CC2BC623C1` FOREIGN KEY (`directionregionale_id`) REFERENCES `direction_regionale` (`id`),
  ADD CONSTRAINT `FK_DD01B8CC9F2C3FAB` FOREIGN KEY (`zone_id`) REFERENCES `zone` (`id`),
  ADD CONSTRAINT `FK_DD01B8CCB38B047B` FOREIGN KEY (`objetalerte_id`) REFERENCES `objet_alerte` (`id`);

--
-- Contraintes pour la table `collecte`
--
ALTER TABLE `collecte`
  ADD CONSTRAINT `FK_55AE4A3D67B3B43D` FOREIGN KEY (`users_id`) REFERENCES `users` (`id`),
  ADD CONSTRAINT `FK_55AE4A3D78F2F2A9` FOREIGN KEY (`sousprefecture_id`) REFERENCES `sousprefecture` (`id`),
  ADD CONSTRAINT `FK_55AE4A3D830AC58A` FOREIGN KEY (`typespeculation_id`) REFERENCES `type_speculation` (`id`),
  ADD CONSTRAINT `FK_55AE4A3DBA6573E5` FOREIGN KEY (`directionanader_id`) REFERENCES `direction_anader` (`id`),
  ADD CONSTRAINT `FK_55AE4A3DCCF9E01E` FOREIGN KEY (`departement_id`) REFERENCES `departement` (`id`),
  ADD CONSTRAINT `FK_55AE4A3DCD11A2CF` FOREIGN KEY (`produits_id`) REFERENCES `produits` (`id`),
  ADD CONSTRAINT `FK_55AE4A3DD94C7C28` FOREIGN KEY (`zoneanader_id`) REFERENCES `zone_anader` (`id`),
  ADD CONSTRAINT `FK_55AE4A3DDA6F574A` FOREIGN KEY (`acteur_id`) REFERENCES `acteurs` (`id`);

--
-- Contraintes pour la table `departement`
--
ALTER TABLE `departement`
  ADD CONSTRAINT `FK_C1765B6398260155` FOREIGN KEY (`region_id`) REFERENCES `region` (`id`);

--
-- Contraintes pour la table `fusion`
--
ALTER TABLE `fusion`
  ADD CONSTRAINT `FK_28BEE6B118FB544F` FOREIGN KEY (`requete_id`) REFERENCES `requete` (`id`),
  ADD CONSTRAINT `FK_28BEE6B15CB73291` FOREIGN KEY (`speculation_id`) REFERENCES `speculation` (`id`);

--
-- Contraintes pour la table `localite`
--
ALTER TABLE `localite`
  ADD CONSTRAINT `FK_F5D7E4A967B3B43D` FOREIGN KEY (`users_id`) REFERENCES `users` (`id`),
  ADD CONSTRAINT `FK_F5D7E4A978F2F2A9` FOREIGN KEY (`sousprefecture_id`) REFERENCES `sousprefecture` (`id`),
  ADD CONSTRAINT `FK_F5D7E4A9D94C7C28` FOREIGN KEY (`zoneanader_id`) REFERENCES `zone_anader` (`id`);

--
-- Contraintes pour la table `produits`
--
ALTER TABLE `produits`
  ADD CONSTRAINT `FK_BE2DDF8C830AC58A` FOREIGN KEY (`typespeculation_id`) REFERENCES `type_speculation` (`id`);

--
-- Contraintes pour la table `produit_acteur`
--
ALTER TABLE `produit_acteur`
  ADD CONSTRAINT `FK_1DA81858DA6F574A` FOREIGN KEY (`acteur_id`) REFERENCES `acteurs` (`id`),
  ADD CONSTRAINT `FK_1DA81858F347EFB` FOREIGN KEY (`produit_id`) REFERENCES `produits` (`id`);

--
-- Contraintes pour la table `publication`
--
ALTER TABLE `publication`
  ADD CONSTRAINT `FK_AF3C677967B3B43D` FOREIGN KEY (`users_id`) REFERENCES `users` (`id`),
  ADD CONSTRAINT `FK_AF3C677978F2F2A9` FOREIGN KEY (`sousprefecture_id`) REFERENCES `sousprefecture` (`id`),
  ADD CONSTRAINT `FK_AF3C6779830AC58A` FOREIGN KEY (`typespeculation_id`) REFERENCES `type_speculation` (`id`),
  ADD CONSTRAINT `FK_AF3C6779BA6573E5` FOREIGN KEY (`directionanader_id`) REFERENCES `direction_anader` (`id`),
  ADD CONSTRAINT `FK_AF3C6779CCF9E01E` FOREIGN KEY (`departement_id`) REFERENCES `departement` (`id`),
  ADD CONSTRAINT `FK_AF3C6779D94C7C28` FOREIGN KEY (`zoneanader_id`) REFERENCES `zone_anader` (`id`),
  ADD CONSTRAINT `FK_AF3C6779DA6F574A` FOREIGN KEY (`acteur_id`) REFERENCES `acteurs` (`id`),
  ADD CONSTRAINT `FK_AF3C6779F347EFB` FOREIGN KEY (`produit_id`) REFERENCES `produits` (`id`);

--
-- Contraintes pour la table `requete`
--
ALTER TABLE `requete`
  ADD CONSTRAINT `FK_1E6639AA3414710B` FOREIGN KEY (`agent_id`) REFERENCES `users` (`id`),
  ADD CONSTRAINT `FK_1E6639AA67B3B43D` FOREIGN KEY (`users_id`) REFERENCES `users` (`id`),
  ADD CONSTRAINT `FK_1E6639AAF4C96090` FOREIGN KEY (`statutrequete_id`) REFERENCES `statutrequete` (`id`);

--
-- Contraintes pour la table `sousprefecture`
--
ALTER TABLE `sousprefecture`
  ADD CONSTRAINT `FK_FD731B48CCF9E01E` FOREIGN KEY (`departement_id`) REFERENCES `departement` (`id`);

--
-- Contraintes pour la table `speculation`
--
ALTER TABLE `speculation`
  ADD CONSTRAINT `FK_3C9EF136830AC58A` FOREIGN KEY (`typespeculation_id`) REFERENCES `type_speculation` (`id`),
  ADD CONSTRAINT `FK_3C9EF136DA3B8F3D` FOREIGN KEY (`indicateur_id`) REFERENCES `indicateur` (`id`);

--
-- Contraintes pour la table `stocksms`
--
ALTER TABLE `stocksms`
  ADD CONSTRAINT `FK_DB259E5767B3B43D` FOREIGN KEY (`users_id`) REFERENCES `users` (`id`);

--
-- Contraintes pour la table `zonesousprefecture`
--
ALTER TABLE `zonesousprefecture`
  ADD CONSTRAINT `FK_4D23189A78F2F2A9` FOREIGN KEY (`sousprefecture_id`) REFERENCES `sousprefecture` (`id`),
  ADD CONSTRAINT `FK_4D23189AD94C7C28` FOREIGN KEY (`zoneanader_id`) REFERENCES `zone_anader` (`id`);

--
-- Contraintes pour la table `zone_anader`
--
ALTER TABLE `zone_anader`
  ADD CONSTRAINT `FK_1BEE06ABA6573E5` FOREIGN KEY (`directionanader_id`) REFERENCES `direction_anader` (`id`);
COMMIT;

