-- https://www.phpmyadmin.net/
--
-- Hôte : 127.0.0.1
-- Généré le : mar. 12 août 2025 à 04:05
-- Version du serveur :  10.4.11-MariaDB
-- Version de PHP : 7.2.28

START TRANSACTION;



--
-- Base de données : `bdalertetest`
--

-- --------------------------------------------------------

--
-- Structure de la table `acteurs`
--

CREATE TABLE `acteurs` (
  `id` int(11) NOT NULL,
  `typeacteur_id` int(11) DEFAULT NULL,
  `users_id` int(11) DEFAULT NULL,
  `zoneanader_id` int(11) DEFAULT NULL,
  `departement_id` int(11) DEFAULT NULL,
  `sousprefecture_id` int(11) DEFAULT NULL,
  `directionanader_id` int(11) DEFAULT NULL,
  `sigle` varchar(255) COLLATE utf8_unicode_ci NOT NULL,
  `contact` varchar(255) COLLATE utf8_unicode_ci NOT NULL,
  `nom` varchar(255) COLLATE utf8_unicode_ci DEFAULT NULL,
  `prenom` varchar(255) COLLATE utf8_unicode_ci DEFAULT NULL
) ENGINE=InnoDB DEFAULT CHARSET=utf8 COLLATE=utf8_unicode_ci;

-- --------------------------------------------------------

--
-- Structure de la table `agent`
--

CREATE TABLE `agent` (
  `id` int(11) NOT NULL,
  `directionregionale_id` int(11) DEFAULT NULL,
  `zone_id` int(11) DEFAULT NULL,
  `matricule` varchar(255) COLLATE utf8_unicode_ci NOT NULL,
  `nom` varchar(255) COLLATE utf8_unicode_ci NOT NULL,
  `prenom` varchar(255) COLLATE utf8_unicode_ci NOT NULL,
  `contact` varchar(255) COLLATE utf8_unicode_ci NOT NULL,
  `fonction` varchar(255) COLLATE utf8_unicode_ci NOT NULL
) ENGINE=InnoDB DEFAULT CHARSET=utf8 COLLATE=utf8_unicode_ci;

-- --------------------------------------------------------

--
-- Structure de la table `agent_localite`
--

CREATE TABLE `agent_localite` (
  `id` int(11) NOT NULL,
  `agent_id` int(11) DEFAULT NULL,
  `localite_id` int(11) DEFAULT NULL
) ENGINE=InnoDB DEFAULT CHARSET=utf8 COLLATE=utf8_unicode_ci;

-- --------------------------------------------------------

--
-- Structure de la table `alertes`
--

CREATE TABLE `alertes` (
  `id` int(11) NOT NULL,
  `contenualerte` tinytext COLLATE utf8_unicode_ci DEFAULT NULL,
  `datealerte` date DEFAULT NULL,
  `gpsalerte` varchar(255) COLLATE utf8_unicode_ci DEFAULT NULL,
  `nomagent` varchar(255) COLLATE utf8_unicode_ci DEFAULT NULL,
  `matricule` varchar(255) COLLATE utf8_unicode_ci DEFAULT NULL,
  `fonction` varchar(255) COLLATE utf8_unicode_ci DEFAULT NULL,
  `contact` varchar(255) COLLATE utf8_unicode_ci DEFAULT NULL,
  `directionregionale_id` int(11) DEFAULT NULL,
  `zone_id` int(11) DEFAULT NULL,
  `statut` tinyint(1) DEFAULT NULL,
  `observation` tinytext COLLATE utf8_unicode_ci DEFAULT NULL,
  `datecalerte` date NOT NULL,
  `objetalerte_id` int(11) DEFAULT NULL,
  `autreobjet` varchar(255) COLLATE utf8_unicode_ci DEFAULT NULL,
  `annee` varchar(255) COLLATE utf8_unicode_ci DEFAULT NULL,
  `statutvalide` varchar(255) COLLATE utf8_unicode_ci DEFAULT NULL,
  `statutautorise` varchar(255) COLLATE utf8_unicode_ci DEFAULT NULL,
  `photoalerte` varchar(255) COLLATE utf8_unicode_ci DEFAULT NULL,
  `emaillanceur` varchar(255) COLLATE utf8_unicode_ci DEFAULT NULL,
  `statutlanceur` varchar(255) COLLATE utf8_unicode_ci DEFAULT NULL
) ENGINE=InnoDB DEFAULT CHARSET=utf8 COLLATE=utf8_unicode_ci;

--
-- Déchargement des données de la table `alertes`
--

INSERT INTO `alertes` (`id`, `contenualerte`, `datealerte`, `gpsalerte`, `nomagent`, `matricule`, `fonction`, `contact`, `directionregionale_id`, `zone_id`, `statut`, `observation`, `datecalerte`, `objetalerte_id`, `autreobjet`, `annee`, `statutvalide`, `statutautorise`, `photoalerte`, `emaillanceur`, `statutlanceur`) VALUES
(83, '0000', '2025-05-08', NULL, 'VITO JC', NULL, 'AD', '0707000000', 4, 58, NULL, 'ACCORD', '2025-05-28', 3, NULL, '2025', 'Autorisé', NULL, '28052025193208.jpeg', NULL, NULL),
(84, '3333', '2025-05-28', NULL, 'VITO JC', NULL, 'AD', '0707000000', 4, 31, NULL, NULL, '2025-05-28', 8, 'CANADA', '2025', 'Recevable', NULL, '28052025203753.jpeg', NULL, NULL),
(85, 'MATIN', '2025-05-29', NULL, 'VITO JC 10', NULL, 'AD 100', '0707000001', 11, 59, NULL, NULL, '2025-05-30', 2, NULL, '2025', 'Recevable', NULL, NULL, NULL, NULL),
(86, 'C BON', '2025-08-11', NULL, 'VITO JC 100000', '1000Q', 'AD 100000', '0707000000', 11, 58, 1, NULL, '2025-08-11', 3, NULL, '2025', NULL, NULL, NULL, 'rmockey@yahoo', 'OUI'),
(87, 'SUITE', '2025-08-09', NULL, 'VITO JC 100000', '1000Q', 'AD 100000', '0707000000', 1, 25, 1, NULL, '2025-08-11', 2, NULL, '2025', NULL, NULL, NULL, 'rmockey@', 'OUI'),
(88, 'SUITE 2', '2025-08-09', NULL, 'VITO JC 100000', '1000Q', 'AD 100000', '0707000000', 1, 25, 1, NULL, '2025-08-11', 2, NULL, '2025', NULL, NULL, NULL, 'rmockey@', 'OUI'),
(89, 'SUITE 3', '2025-08-09', NULL, 'VITO JC 100000', '1000Q', 'AD 100000', '0707000000', 1, 25, 1, NULL, '2025-08-11', 2, NULL, '2025', NULL, NULL, NULL, NULL, 'OUI'),
(90, 'SUITE 3', '2025-08-09', NULL, 'VITO JC 100000', '1000Q', 'AD 100000', '0707000000', 1, 25, 1, NULL, '2025-08-11', 2, NULL, '2025', NULL, NULL, NULL, 'rmockey@yahoo', 'OUI'),
(91, 'csdcvdxw', '2025-08-04', NULL, 'VITO JC 100000', '1000Q', 'AD 100000', '0707000000', 4, 28, 1, NULL, '2025-08-11', 1, NULL, '2025', NULL, NULL, NULL, 'rmockey@yahoo', 'NON'),
(92, 'csdcvdxw', '2025-08-04', NULL, 'VITO JC 100000', '1000Q', 'AD 100000', '0707000000', 4, 28, 1, NULL, '2025-08-11', 1, NULL, '2025', NULL, NULL, NULL, 'rmockey@yahoo', 'NON'),
(93, 'dfd', '2025-07-31', NULL, 'VITO JC 100000', '1000Q', 'AD 100000', '0707000000', 1, 25, 1, NULL, '2025-08-11', 4, NULL, '2025', NULL, NULL, NULL, 'rmockey@yahoo', 'OUI'),
(94, 'dvds', '2025-08-05', NULL, 'VITO JC 100000', NULL, 'AD 100000', '0707000000', 1, 25, 1, 'A TOI DGA', '2025-08-11', 3, NULL, '2025', 'Recevable', NULL, NULL, 'rmockey@yaho.fr', 'OUI'),
(95, 'QQQ', '2025-07-29', NULL, 'QQQQQQQQSSSSSSSSSSSS', '0000000000000000000', 'SWW', '0707000000', 7, 56, 1, NULL, '2025-08-12', 8, 'SHERBROOKE', '2025', NULL, NULL, NULL, 'michelinegohouo@gmail.com', 'NON');

-- --------------------------------------------------------

--
-- Structure de la table `collecte`
--

CREATE TABLE `collecte` (
  `id` int(11) NOT NULL,
  `directionanader_id` int(11) DEFAULT NULL,
  `typespeculation_id` int(11) DEFAULT NULL,
  `zoneanader_id` int(11) DEFAULT NULL,
  `produits_id` int(11) DEFAULT NULL,
  `departement_id` int(11) DEFAULT NULL,
  `sousprefecture_id` int(11) DEFAULT NULL,
  `acteur_id` int(11) DEFAULT NULL,
  `users_id` int(11) DEFAULT NULL,
  `contactacteur` varchar(255) COLLATE utf8_unicode_ci DEFAULT NULL,
  `annee` int(11) NOT NULL,
  `contactpartenaire` varchar(255) COLLATE utf8_unicode_ci DEFAULT NULL,
  `prix` int(11) NOT NULL,
  `quantite` double NOT NULL,
  `datetransa` date NOT NULL,
  `partenairecommercial` varchar(255) COLLATE utf8_unicode_ci NOT NULL,
  `typepartenairecommercial` varchar(255) COLLATE utf8_unicode_ci NOT NULL,
  `observation` tinytext COLLATE utf8_unicode_ci NOT NULL,
  `modepaiement` varchar(225) COLLATE utf8_unicode_ci NOT NULL
) ENGINE=InnoDB DEFAULT CHARSET=utf8 COLLATE=utf8_unicode_ci;

-- --------------------------------------------------------

--
-- Structure de la table `contact`
--

CREATE TABLE `contact` (
  `id` int(11) NOT NULL,
  `Centredecout` varchar(255) COLLATE utf8_unicode_ci DEFAULT NULL,
  `Nomprenoms` varchar(255) COLLATE utf8_unicode_ci DEFAULT NULL,
  `numeros` varchar(255) COLLATE utf8_unicode_ci NOT NULL
) ENGINE=InnoDB DEFAULT CHARSET=utf8 COLLATE=utf8_unicode_ci;

--
-- Déchargement des données de la table `contact`
--

INSERT INTO `contact` (`id`, `Centredecout`, `Nomprenoms`, `numeros`) VALUES
(21, '8', 'BOB', '+2250707969445'),
(22, '8', 'DRH', '+2250141090703');

-- --------------------------------------------------------

--
-- Structure de la table `departement`
--

CREATE TABLE `departement` (
  `id` int(11) NOT NULL,
  `region_id` int(11) DEFAULT NULL,
  `libelle` varchar(255) COLLATE utf8_unicode_ci NOT NULL,
  `statut` tinyint(1) NOT NULL
) ENGINE=InnoDB DEFAULT CHARSET=utf8 COLLATE=utf8_unicode_ci;

-- --------------------------------------------------------

--
-- Structure de la table `direction_anader`
--

CREATE TABLE `direction_anader` (
  `id` int(11) NOT NULL,
  `libelle` varchar(255) COLLATE utf8_unicode_ci NOT NULL
) ENGINE=InnoDB DEFAULT CHARSET=utf8 COLLATE=utf8_unicode_ci;

-- --------------------------------------------------------

--
-- Structure de la table `direction_regionale`
--

CREATE TABLE `direction_regionale` (
  `id` int(11) NOT NULL,
  `libelledr` varchar(255) COLLATE utf8_unicode_ci NOT NULL
) ENGINE=InnoDB DEFAULT CHARSET=utf8 COLLATE=utf8_unicode_ci;

--
-- Déchargement des données de la table `direction_regionale`
--

INSERT INTO `direction_regionale` (`id`, `libelledr`) VALUES
(1, 'DIRECTION REGIONALE CENTRE'),
(4, 'DIRECTION REGIONALE NORD'),
(7, 'DIRECTION REGIONALE SUD OUEST'),
(11, 'SIEGE');

-- --------------------------------------------------------

--
-- Structure de la table `fusion`
--

CREATE TABLE `fusion` (
  `id` int(11) NOT NULL,
  `speculation_id` int(11) DEFAULT NULL,
  `requete_id` int(11) DEFAULT NULL
) ENGINE=InnoDB DEFAULT CHARSET=utf8 COLLATE=utf8_unicode_ci;

-- --------------------------------------------------------

--
-- Structure de la table `indicateur`
--

CREATE TABLE `indicateur` (
  `id` int(11) NOT NULL,
  `nom` varchar(255) COLLATE utf8_unicode_ci NOT NULL
) ENGINE=InnoDB DEFAULT CHARSET=utf8 COLLATE=utf8_unicode_ci;

-- --------------------------------------------------------

--
-- Structure de la table `localite`
--

CREATE TABLE `localite` (
  `id` int(11) NOT NULL,
  `users_id` int(11) DEFAULT NULL,
  `sousprefecture_id` int(11) DEFAULT NULL,
  `zoneanader_id` int(11) DEFAULT NULL,
  `libelle` varchar(255) COLLATE utf8_unicode_ci NOT NULL
) ENGINE=InnoDB DEFAULT CHARSET=utf8 COLLATE=utf8_unicode_ci;

-- --------------------------------------------------------

--
-- Structure de la table `mouvementstock`
--

CREATE TABLE `mouvementstock` (
  `id` int(11) NOT NULL,
  `qteinitiale` varchar(255) COLLATE utf8_unicode_ci NOT NULL,
  `qtefinale` varchar(255) COLLATE utf8_unicode_ci NOT NULL,
  `description` tinytext COLLATE utf8_unicode_ci NOT NULL,
  `dateadd` varchar(255) COLLATE utf8_unicode_ci NOT NULL
) ENGINE=InnoDB DEFAULT CHARSET=utf8 COLLATE=utf8_unicode_ci;

-- --------------------------------------------------------

--
-- Structure de la table `objet_alerte`
--

CREATE TABLE `objet_alerte` (
  `id` int(11) NOT NULL,
  `libelle_objet` varchar(255) COLLATE utf8_unicode_ci NOT NULL
) ENGINE=InnoDB DEFAULT CHARSET=utf8 COLLATE=utf8_unicode_ci;

--
-- Déchargement des données de la table `objet_alerte`
--

INSERT INTO `objet_alerte` (`id`, `libelle_objet`) VALUES
(1, 'HARCELEMENT SEXUEL'),
(2, 'HARCELEMENT MORAL'),
(3, 'DETOURNEMENT DE FONDS'),
(4, 'DECLARATIONS MENSONGERES'),
(5, 'CONCURRENCE DELOYALE'),
(6, ' DETOURNEMENT D\'INTRANTS'),
(7, 'AGRESSION PHYSIQUE'),
(8, 'AUTRE');

-- --------------------------------------------------------

--
-- Structure de la table `pays`
--

CREATE TABLE `pays` (
  `id` int(11) NOT NULL,
  `nom` varchar(255) COLLATE utf8_unicode_ci NOT NULL
) ENGINE=InnoDB DEFAULT CHARSET=utf8 COLLATE=utf8_unicode_ci;

-- --------------------------------------------------------

--
-- Structure de la table `produits`
--

CREATE TABLE `produits` (
  `id` int(11) NOT NULL,
  `typespeculation_id` int(11) DEFAULT NULL,
  `libelle` varchar(255) COLLATE utf8_unicode_ci NOT NULL
) ENGINE=InnoDB DEFAULT CHARSET=utf8 COLLATE=utf8_unicode_ci;

-- --------------------------------------------------------

--
-- Structure de la table `produit_acteur`
--

CREATE TABLE `produit_acteur` (
  `id` int(11) NOT NULL,
  `produit_id` int(11) DEFAULT NULL,
  `acteur_id` int(11) DEFAULT NULL
) ENGINE=InnoDB DEFAULT CHARSET=utf8 COLLATE=utf8_unicode_ci;

-- --------------------------------------------------------

--
-- Structure de la table `publication`
--

CREATE TABLE `publication` (
  `id` int(11) NOT NULL,
  `users_id` int(11) DEFAULT NULL,
  `acteur_id` int(11) DEFAULT NULL,
  `produit_id` int(11) DEFAULT NULL,
  `departement_id` int(11) DEFAULT NULL,
  `sousprefecture_id` int(11) DEFAULT NULL,
  `zoneanader_id` int(11) DEFAULT NULL,
  `typespeculation_id` int(11) DEFAULT NULL,
  `directionanader_id` int(11) DEFAULT NULL,
  `date` date NOT NULL,
  `commentaire` tinytext COLLATE utf8_unicode_ci DEFAULT NULL,
  `prix` int(11) NOT NULL,
  `quantite` double NOT NULL,
  `quantitev` decimal(10,0) DEFAULT NULL,
  `qualite` varchar(255) COLLATE utf8_unicode_ci NOT NULL,
  `annee` int(11) NOT NULL,
  `statut` varchar(255) COLLATE utf8_unicode_ci NOT NULL,
  `typeoffre` varchar(255) COLLATE utf8_unicode_ci NOT NULL
) ENGINE=InnoDB DEFAULT CHARSET=utf8 COLLATE=utf8_unicode_ci;

-- --------------------------------------------------------

--
-- Structure de la table `region`
--

CREATE TABLE `region` (
  `id` int(11) NOT NULL,
  `libelle` varchar(255) COLLATE utf8_unicode_ci NOT NULL,
  `statut` tinyint(1) NOT NULL
) ENGINE=InnoDB DEFAULT CHARSET=utf8 COLLATE=utf8_unicode_ci;

-- --------------------------------------------------------

--
-- Structure de la table `requete`
--

CREATE TABLE `requete` (
  `id` int(11) NOT NULL,
  `users_id` int(11) DEFAULT NULL,
  `agent_id` int(11) DEFAULT NULL,
  `statutrequete_id` int(11) DEFAULT NULL,
  `description` longtext COLLATE utf8_unicode_ci NOT NULL,
  `raison` varchar(255) COLLATE utf8_unicode_ci NOT NULL,
  `piecejointe` varchar(255) COLLATE utf8_unicode_ci DEFAULT NULL,
  `dateformulation` date NOT NULL,
  `delaitraitelent` date DEFAULT NULL,
  `datevalidation` date DEFAULT NULL,
  `observation` longtext COLLATE utf8_unicode_ci DEFAULT NULL,
  `observationagent` longtext COLLATE utf8_unicode_ci DEFAULT NULL
) ENGINE=InnoDB DEFAULT CHARSET=utf8 COLLATE=utf8_unicode_ci;

-- --------------------------------------------------------

--
-- Structure de la table `slide`
--

CREATE TABLE `slide` (
  `id` int(11) NOT NULL,
  `image` varchar(255) COLLATE utf8_unicode_ci DEFAULT NULL,
  `titre` varchar(255) COLLATE utf8_unicode_ci DEFAULT NULL,
  `url` varchar(255) COLLATE utf8_unicode_ci DEFAULT NULL,
  `statut` tinyint(1) NOT NULL
) ENGINE=InnoDB DEFAULT CHARSET=utf8 COLLATE=utf8_unicode_ci;

-- --------------------------------------------------------

--
-- Structure de la table `sousprefecture`
--

CREATE TABLE `sousprefecture` (
  `id` int(11) NOT NULL,
  `departement_id` int(11) DEFAULT NULL,
  `libelle` varchar(255) COLLATE utf8_unicode_ci NOT NULL,
  `statut` tinyint(1) NOT NULL
) ENGINE=InnoDB DEFAULT CHARSET=utf8 COLLATE=utf8_unicode_ci;

-- --------------------------------------------------------

--
-- Structure de la table `speculation`
--

CREATE TABLE `speculation` (
  `id` int(11) NOT NULL,
  `indicateur_id` int(11) DEFAULT NULL,
  `typespeculation_id` int(11) DEFAULT NULL,
  `nom` varchar(255) COLLATE utf8_unicode_ci NOT NULL
) ENGINE=InnoDB DEFAULT CHARSET=utf8 COLLATE=utf8_unicode_ci;

-- --------------------------------------------------------

--
-- Structure de la table `statutrequete`
--

CREATE TABLE `statutrequete` (
  `id` int(11) NOT NULL,
  `libellestatut` varchar(255) COLLATE utf8_unicode_ci NOT NULL
) ENGINE=InnoDB DEFAULT CHARSET=utf8 COLLATE=utf8_unicode_ci;

-- --------------------------------------------------------

--
-- Structure de la table `stocksms`
--

CREATE TABLE `stocksms` (
  `id` int(11) NOT NULL,
  `users_id` int(11) DEFAULT NULL,
  `prixunitaire` int(11) NOT NULL,
  `qteinitiale` int(11) NOT NULL,
  `utilise` tinyint(1) NOT NULL,
  `fini` tinyint(1) DEFAULT NULL,
  `dateadd` date NOT NULL
) ENGINE=InnoDB DEFAULT CHARSET=utf8 COLLATE=utf8_unicode_ci;

-- --------------------------------------------------------

--
-- Structure de la table `type_acteur`
--

CREATE TABLE `type_acteur` (
  `id` int(11) NOT NULL,
  `libelle` varchar(255) COLLATE utf8_unicode_ci NOT NULL
) ENGINE=InnoDB DEFAULT CHARSET=utf8 COLLATE=utf8_unicode_ci;

-- --------------------------------------------------------

--
-- Structure de la table `type_speculation`
--

CREATE TABLE `type_speculation` (
  `id` int(11) NOT NULL,
  `libelle` varchar(255) COLLATE utf8_unicode_ci NOT NULL
) ENGINE=InnoDB DEFAULT CHARSET=utf8 COLLATE=utf8_unicode_ci;

-- --------------------------------------------------------

--
-- Structure de la table `zone`
--

CREATE TABLE `zone` (
  `id` int(11) NOT NULL,
  `libellezone` varchar(255) COLLATE utf8_unicode_ci NOT NULL,
  `directionregionale_id` int(11) DEFAULT NULL
) ENGINE=InnoDB DEFAULT CHARSET=utf8 COLLATE=utf8_unicode_ci;

--
-- Déchargement des données de la table `zone`
--

INSERT INTO `zone` (`id`, `libellezone`, `directionregionale_id`) VALUES
(1, 'BEOUMI', 1),
(2, 'BOCANDA', 2),
(3, 'BOUAKE', 1),
(4, 'DIMBOKRO', 2),
(5, 'MANKONO', 8),
(6, 'M\'BAHIAKRO', 2),
(7, 'SAKASSOU', 1),
(8, 'TIEBISSOU', 2),
(9, 'TOUMODI', 2),
(10, 'YAMOUSSOUKRO', 2),
(11, 'ABENGOUROU', 9),
(12, 'BONDOUKOU', 10),
(13, 'BONGOUANOU', 2),
(14, 'BOUNA', 10),
(15, 'DAOUKRO', 2),
(16, 'TANDA', 10),
(17, 'BOUAFLE', 3),
(18, 'DALOA', 3),
(19, 'ISSIA', 3),
(20, 'SEGUELA', 8),
(21, 'SINFRA', 3),
(22, 'VAVOUA', 3),
(23, 'ZUENOULA', 3),
(24, 'BOUNDIALI', 4),
(25, 'DABAKALA', 1),
(26, 'FERKE', 4),
(27, 'KATIOLA', 1),
(28, 'KORHOGO', 4),
(29, 'MINIGNAN', 8),
(30, 'ODIENNE', 8),
(31, 'TENGRELA', 4),
(32, 'BANGOLO', 5),
(33, 'BIANKOUMA', 5),
(34, 'DANANE', 5),
(35, 'DUEKOUE', 5),
(36, 'GUIGLO', 5),
(37, 'KOUIBLY', 5),
(38, 'MAN', 5),
(39, 'TOUBA', 8),
(40, 'TOULEPLEU', 5),
(41, 'ABIDJAN', 6),
(42, 'ABOISSO', 9),
(43, 'ADZOPE', 9),
(44, 'AGBOVILLE', 6),
(45, 'ALEPE', 9),
(46, 'DABOU', 6),
(47, 'GRAND-LAHOU', 6),
(48, 'TIASSALE', 6),
(49, 'DIVO', 6),
(50, 'GAGNOA', 3),
(51, 'LAKOTA', 6),
(52, 'OUME', 3),
(53, 'SAN PEDRO', 7),
(54, 'SASSANDRA', 7),
(55, 'SOUBRE', 7),
(56, 'TABOU', 7),
(57, 'SIEGE ABIDJAN', 11),
(58, 'CENTRE DE FORMATION BINGERVILLE', 11),
(59, 'CENTRE DE FORMATION KOTOBI', 11),
(60, 'CENTRE DE FORMATION GD LAHOU', 11),
(61, 'CENTRE DE FORMATION GAGNOA', 11),
(62, 'DR SIEGE ABIDJAN', 6),
(63, 'DR SIEGE ABENGOUROU', 9),
(64, 'DR SIEGE BOUAKE', 1),
(65, 'DR SIEGE MAN', 5),
(66, 'DR SIEGE SAN PEDRO', 7),
(67, 'DR SIEGE DALOA', 3),
(68, 'DR SIEGE KORHOGO', 4),
(69, 'DR SIEGE YAMOUSSOUKRO', 2),
(70, 'DR SIEGE BONDOUKOU', 10),
(71, 'DR SIEGE ODIENNE', 8),
(72, 'BUYO', 7),
(73, 'AGNIBILEKROU', 9),
(74, 'TEHINI', 10);

-- --------------------------------------------------------

--
-- Structure de la table `zonesousprefecture`
--

CREATE TABLE `zonesousprefecture` (
  `id` int(11) NOT NULL,
  `zoneanader_id` int(11) DEFAULT NULL,
  `sousprefecture_id` int(11) DEFAULT NULL
) ENGINE=InnoDB DEFAULT CHARSET=utf8 COLLATE=utf8_unicode_ci;

-- --------------------------------------------------------

--
-- Structure de la table `zone_anader`
--

CREATE TABLE `zone_anader` (
  `id` int(11) NOT NULL,
  `directionanader_id` int(11) DEFAULT NULL,
  `libelle` varchar(255) COLLATE utf8_unicode_ci NOT NULL,
  `chef` varchar(255) COLLATE utf8_unicode_ci DEFAULT NULL
) ENGINE=InnoDB DEFAULT CHARSET=utf8 COLLATE=utf8_unicode_ci;

--
-- Index pour les tables déchargées
--

--
-- Index pour la table `acteurs`
--
ALTER TABLE `acteurs`
  ADD PRIMARY KEY (`id`),
  ADD KEY `IDX_B85835AC395035D6` (`typeacteur_id`),
  ADD KEY `IDX_B85835AC67B3B43D` (`users_id`),
  ADD KEY `IDX_B85835ACD94C7C28` (`zoneanader_id`),
  ADD KEY `IDX_B85835ACCCF9E01E` (`departement_id`),
  ADD KEY `IDX_B85835AC78F2F2A9` (`sousprefecture_id`),
  ADD KEY `IDX_B85835ACBA6573E5` (`directionanader_id`);

--
-- Index pour la table `agent`
--
ALTER TABLE `agent`
  ADD PRIMARY KEY (`id`),
  ADD KEY `IDX_268B9C9D2BC623C1` (`directionregionale_id`),
  ADD KEY `IDX_268B9C9D9F2C3FAB` (`zone_id`);

--
-- Index pour la table `agent_localite`
--
ALTER TABLE `agent_localite`
  ADD PRIMARY KEY (`id`),
  ADD KEY `IDX_C306FD3D3414710B` (`agent_id`),
  ADD KEY `IDX_C306FD3D924DD2B5` (`localite_id`);

--
-- Index pour la table `alertes`
--
ALTER TABLE `alertes`
  ADD PRIMARY KEY (`id`),
  ADD KEY `IDX_DD01B8CC2BC623C1` (`directionregionale_id`),
  ADD KEY `IDX_DD01B8CC9F2C3FAB` (`zone_id`),
  ADD KEY `IDX_DD01B8CCB38B047B` (`objetalerte_id`);

--
-- Index pour la table `collecte`
--
ALTER TABLE `collecte`
  ADD PRIMARY KEY (`id`),
  ADD KEY `IDX_55AE4A3DBA6573E5` (`directionanader_id`),
  ADD KEY `IDX_55AE4A3D830AC58A` (`typespeculation_id`),
  ADD KEY `IDX_55AE4A3DD94C7C28` (`zoneanader_id`),
  ADD KEY `IDX_55AE4A3DCD11A2CF` (`produits_id`),
  ADD KEY `IDX_55AE4A3DCCF9E01E` (`departement_id`),
  ADD KEY `IDX_55AE4A3D78F2F2A9` (`sousprefecture_id`),
  ADD KEY `IDX_55AE4A3DDA6F574A` (`acteur_id`),
  ADD KEY `IDX_55AE4A3D67B3B43D` (`users_id`);

--
-- Index pour la table `contact`
--
ALTER TABLE `contact`
  ADD PRIMARY KEY (`id`);

--
-- Index pour la table `departement`
--
ALTER TABLE `departement`
  ADD PRIMARY KEY (`id`),
  ADD KEY `IDX_C1765B6398260155` (`region_id`);

--
-- Index pour la table `direction_anader`
--
ALTER TABLE `direction_anader`
  ADD PRIMARY KEY (`id`);

--
-- Index pour la table `direction_regionale`
--
ALTER TABLE `direction_regionale`
  ADD PRIMARY KEY (`id`);

--
-- Index pour la table `fusion`
--
ALTER TABLE `fusion`
  ADD PRIMARY KEY (`id`),
  ADD KEY `IDX_28BEE6B15CB73291` (`speculation_id`),
  ADD KEY `IDX_28BEE6B118FB544F` (`requete_id`);

--
-- Index pour la table `indicateur`
--
ALTER TABLE `indicateur`
  ADD PRIMARY KEY (`id`);

--
-- Index pour la table `localite`
--
ALTER TABLE `localite`
  ADD PRIMARY KEY (`id`),
  ADD KEY `IDX_F5D7E4A967B3B43D` (`users_id`),
  ADD KEY `IDX_F5D7E4A978F2F2A9` (`sousprefecture_id`),
  ADD KEY `IDX_F5D7E4A9D94C7C28` (`zoneanader_id`);

--
-- Index pour la table `mouvementstock`
--
ALTER TABLE `mouvementstock`
  ADD PRIMARY KEY (`id`);

--
-- Index pour la table `objet_alerte`
--
ALTER TABLE `objet_alerte`
  ADD PRIMARY KEY (`id`);

--
-- Index pour la table `pays`
--
ALTER TABLE `pays`
  ADD PRIMARY KEY (`id`);

--
-- Index pour la table `produits`
--
ALTER TABLE `produits`
  ADD PRIMARY KEY (`id`),
  ADD KEY `IDX_BE2DDF8C830AC58A` (`typespeculation_id`);

--
-- Index pour la table `produit_acteur`
--
ALTER TABLE `produit_acteur`
  ADD PRIMARY KEY (`id`),
  ADD KEY `IDX_1DA81858F347EFB` (`produit_id`),
  ADD KEY `IDX_1DA81858DA6F574A` (`acteur_id`);

--
-- Index pour la table `publication`
--
ALTER TABLE `publication`
  ADD PRIMARY KEY (`id`),
  ADD KEY `IDX_AF3C677967B3B43D` (`users_id`),
  ADD KEY `IDX_AF3C6779DA6F574A` (`acteur_id`),
  ADD KEY `IDX_AF3C6779F347EFB` (`produit_id`),
  ADD KEY `IDX_AF3C6779CCF9E01E` (`departement_id`),
  ADD KEY `IDX_AF3C677978F2F2A9` (`sousprefecture_id`),
  ADD KEY `IDX_AF3C6779D94C7C28` (`zoneanader_id`),
  ADD KEY `IDX_AF3C6779830AC58A` (`typespeculation_id`),
  ADD KEY `IDX_AF3C6779BA6573E5` (`directionanader_id`);

--
-- Index pour la table `region`
--
ALTER TABLE `region`
  ADD PRIMARY KEY (`id`);

--
-- Index pour la table `requete`
--
ALTER TABLE `requete`
  ADD PRIMARY KEY (`id`),
  ADD KEY `IDX_1E6639AA67B3B43D` (`users_id`),
  ADD KEY `IDX_1E6639AA3414710B` (`agent_id`),
  ADD KEY `IDX_1E6639AAF4C96090` (`statutrequete_id`);

--
-- Index pour la table `slide`
--
ALTER TABLE `slide`
  ADD PRIMARY KEY (`id`);

--
-- Index pour la table `sousprefecture`
--
ALTER TABLE `sousprefecture`
  ADD PRIMARY KEY (`id`),
  ADD KEY `IDX_FD731B48CCF9E01E` (`departement_id`);

--
-- Index pour la table `speculation`
--
ALTER TABLE `speculation`
  ADD PRIMARY KEY (`id`),
  ADD KEY `IDX_3C9EF136DA3B8F3D` (`indicateur_id`),
  ADD KEY `IDX_3C9EF136830AC58A` (`typespeculation_id`);

--
-- Index pour la table `statutrequete`
--
ALTER TABLE `statutrequete`
  ADD PRIMARY KEY (`id`);

--
-- Index pour la table `stocksms`
--
ALTER TABLE `stocksms`
  ADD PRIMARY KEY (`id`),
  ADD KEY `IDX_DB259E5767B3B43D` (`users_id`);

--
-- Index pour la table `type_acteur`
--
ALTER TABLE `type_acteur`
  ADD PRIMARY KEY (`id`);

--
-- Index pour la table `type_speculation`
--
ALTER TABLE `type_speculation`
  ADD PRIMARY KEY (`id`);

--
-- Index pour la table `zone`
--
ALTER TABLE `zone`
  ADD PRIMARY KEY (`id`),
  ADD KEY `IDX_A0EBC0072BC623C1` (`directionregionale_id`);

--
-- Index pour la table `zonesousprefecture`
--
ALTER TABLE `zonesousprefecture`
  ADD PRIMARY KEY (`id`),
  ADD KEY `IDX_4D23189AD94C7C28` (`zoneanader_id`),
  ADD KEY `IDX_4D23189A78F2F2A9` (`sousprefecture_id`);

--
-- Index pour la table `zone_anader`
--
ALTER TABLE `zone_anader`
  ADD PRIMARY KEY (`id`),
  ADD KEY `IDX_1BEE06ABA6573E5` (`directionanader_id`);

--
-- AUTO_INCREMENT pour les tables déchargées
--

--
-- AUTO_INCREMENT pour la table `acteurs`
--
ALTER TABLE `acteurs`
  MODIFY `id` int(11) NOT NULL AUTO_INCREMENT;

--
-- AUTO_INCREMENT pour la table `agent`
--
ALTER TABLE `agent`
  MODIFY `id` int(11) NOT NULL AUTO_INCREMENT;

--
-- AUTO_INCREMENT pour la table `agent_localite`
--
ALTER TABLE `agent_localite`
  MODIFY `id` int(11) NOT NULL AUTO_INCREMENT;

--
-- AUTO_INCREMENT pour la table `alertes`
--
ALTER TABLE `alertes`
  MODIFY `id` int(11) NOT NULL AUTO_INCREMENT, AUTO_INCREMENT=96;

--
-- AUTO_INCREMENT pour la table `collecte`
--
ALTER TABLE `collecte`
  MODIFY `id` int(11) NOT NULL AUTO_INCREMENT;

--
-- AUTO_INCREMENT pour la table `contact`
--
ALTER TABLE `contact`
  MODIFY `id` int(11) NOT NULL AUTO_INCREMENT, AUTO_INCREMENT=23;

--
-- AUTO_INCREMENT pour la table `departement`
--
ALTER TABLE `departement`
  MODIFY `id` int(11) NOT NULL AUTO_INCREMENT;

--
-- AUTO_INCREMENT pour la table `direction_anader`
--
ALTER TABLE `direction_anader`
  MODIFY `id` int(11) NOT NULL AUTO_INCREMENT;

--
-- AUTO_INCREMENT pour la table `direction_regionale`
--
ALTER TABLE `direction_regionale`
  MODIFY `id` int(11) NOT NULL AUTO_INCREMENT, AUTO_INCREMENT=12;

--
-- AUTO_INCREMENT pour la table `fusion`
--
ALTER TABLE `fusion`
  MODIFY `id` int(11) NOT NULL AUTO_INCREMENT;

--
-- AUTO_INCREMENT pour la table `indicateur`
--
ALTER TABLE `indicateur`
  MODIFY `id` int(11) NOT NULL AUTO_INCREMENT;

--
-- AUTO_INCREMENT pour la table `localite`
--
ALTER TABLE `localite`
  MODIFY `id` int(11) NOT NULL AUTO_INCREMENT;

--
-- AUTO_INCREMENT pour la table `mouvementstock`
--
ALTER TABLE `mouvementstock`
  MODIFY `id` int(11) NOT NULL AUTO_INCREMENT;

--
-- AUTO_INCREMENT pour la table `objet_alerte`
--
ALTER TABLE `objet_alerte`
  MODIFY `id` int(11) NOT NULL AUTO_INCREMENT, AUTO_INCREMENT=9;

--
-- AUTO_INCREMENT pour la table `pays`
--
ALTER TABLE `pays`
  MODIFY `id` int(11) NOT NULL AUTO_INCREMENT;

--
-- AUTO_INCREMENT pour la table `produits`
--
ALTER TABLE `produits`
  MODIFY `id` int(11) NOT NULL AUTO_INCREMENT;

--
-- AUTO_INCREMENT pour la table `produit_acteur`
--
ALTER TABLE `produit_acteur`
  MODIFY `id` int(11) NOT NULL AUTO_INCREMENT;

--
-- AUTO_INCREMENT pour la table `publication`
--
ALTER TABLE `publication`
  MODIFY `id` int(11) NOT NULL AUTO_INCREMENT;

--
-- AUTO_INCREMENT pour la table `region`
--
ALTER TABLE `region`
  MODIFY `id` int(11) NOT NULL AUTO_INCREMENT;

--
-- AUTO_INCREMENT pour la table `requete`
--
ALTER TABLE `requete`
  MODIFY `id` int(11) NOT NULL AUTO_INCREMENT;

--
-- AUTO_INCREMENT pour la table `slide`
--
ALTER TABLE `slide`
  MODIFY `id` int(11) NOT NULL AUTO_INCREMENT;

--
-- AUTO_INCREMENT pour la table `sousprefecture`
--
ALTER TABLE `sousprefecture`
  MODIFY `id` int(11) NOT NULL AUTO_INCREMENT;

--
-- AUTO_INCREMENT pour la table `speculation`
--
ALTER TABLE `speculation`
  MODIFY `id` int(11) NOT NULL AUTO_INCREMENT;

--
-- AUTO_INCREMENT pour la table `statutrequete`
--
ALTER TABLE `statutrequete`
  MODIFY `id` int(11) NOT NULL AUTO_INCREMENT;

--
-- AUTO_INCREMENT pour la table `stocksms`
--
ALTER TABLE `stocksms`
  MODIFY `id` int(11) NOT NULL AUTO_INCREMENT;

--
-- AUTO_INCREMENT pour la table `type_acteur`
--
ALTER TABLE `type_acteur`
  MODIFY `id` int(11) NOT NULL AUTO_INCREMENT;

--
-- AUTO_INCREMENT pour la table `type_speculation`
--
ALTER TABLE `type_speculation`
  MODIFY `id` int(11) NOT NULL AUTO_INCREMENT;

--
-- AUTO_INCREMENT pour la table `zone`
--
ALTER TABLE `zone`
  MODIFY `id` int(11) NOT NULL AUTO_INCREMENT, AUTO_INCREMENT=85;

--
-- AUTO_INCREMENT pour la table `zonesousprefecture`
--
ALTER TABLE `zonesousprefecture`
  MODIFY `id` int(11) NOT NULL AUTO_INCREMENT;

--
-- AUTO_INCREMENT pour la table `zone_anader`
--
ALTER TABLE `zone_anader`
  MODIFY `id` int(11) NOT NULL AUTO_INCREMENT;

--
-- Contraintes pour les tables déchargées
--

--
-- Contraintes pour la table `acteurs`
--
ALTER TABLE `acteurs`
  ADD CONSTRAINT `FK_B85835AC395035D6` FOREIGN KEY (`typeacteur_id`) REFERENCES `type_acteur` (`id`),
  ADD CONSTRAINT `FK_B85835AC67B3B43D` FOREIGN KEY (`users_id`) REFERENCES `users` (`id`),
  ADD CONSTRAINT `FK_B85835AC78F2F2A9` FOREIGN KEY (`sousprefecture_id`) REFERENCES `sousprefecture` (`id`),
  ADD CONSTRAINT `FK_B85835ACBA6573E5` FOREIGN KEY (`directionanader_id`) REFERENCES `direction_anader` (`id`),
  ADD CONSTRAINT `FK_B85835ACCCF9E01E` FOREIGN KEY (`departement_id`) REFERENCES `departement` (`id`),
  ADD CONSTRAINT `FK_B85835ACD94C7C28` FOREIGN KEY (`zoneanader_id`) REFERENCES `zone_anader` (`id`);

--
-- Contraintes pour la table `agent`
--
ALTER TABLE `agent`
  ADD CONSTRAINT `FK_268B9C9D2BC623C1` FOREIGN KEY (`directionregionale_id`) REFERENCES `direction_regionale` (`id`),
  ADD CONSTRAINT `FK_268B9C9D9F2C3FAB` FOREIGN KEY (`zone_id`) REFERENCES `zone` (`id`);

--
-- Contraintes pour la table `agent_localite`
--
ALTER TABLE `agent_localite`
  ADD CONSTRAINT `FK_C306FD3D3414710B` FOREIGN KEY (`agent_id`) REFERENCES `users` (`id`),
  ADD CONSTRAINT `FK_C306FD3D924DD2B5` FOREIGN KEY (`localite_id`) REFERENCES `localite` (`id`);

--
-- Contraintes pour la table `alertes`
--
ALTER TABLE `alertes`
  ADD CONSTRAINT `FK_DD01B8CC2BC623C1` FOREIGN KEY (`directionregionale_id`) REFERENCES `direction_regionale` (`id`),
  ADD CONSTRAINT `FK_DD01B8CC9F2C3FAB` FOREIGN KEY (`zone_id`) REFERENCES `zone` (`id`),
  ADD CONSTRAINT `FK_DD01B8CCB38B047B` FOREIGN KEY (`objetalerte_id`) REFERENCES `objet_alerte` (`id`);

--
-- Contraintes pour la table `collecte`
--
ALTER TABLE `collecte`
  ADD CONSTRAINT `FK_55AE4A3D67B3B43D` FOREIGN KEY (`users_id`) REFERENCES `users` (`id`),
  ADD CONSTRAINT `FK_55AE4A3D78F2F2A9` FOREIGN KEY (`sousprefecture_id`) REFERENCES `sousprefecture` (`id`),
  ADD CONSTRAINT `FK_55AE4A3D830AC58A` FOREIGN KEY (`typespeculation_id`) REFERENCES `type_speculation` (`id`),
  ADD CONSTRAINT `FK_55AE4A3DBA6573E5` FOREIGN KEY (`directionanader_id`) REFERENCES `direction_anader` (`id`),
  ADD CONSTRAINT `FK_55AE4A3DCCF9E01E` FOREIGN KEY (`departement_id`) REFERENCES `departement` (`id`),
  ADD CONSTRAINT `FK_55AE4A3DCD11A2CF` FOREIGN KEY (`produits_id`) REFERENCES `produits` (`id`),
  ADD CONSTRAINT `FK_55AE4A3DD94C7C28` FOREIGN KEY (`zoneanader_id`) REFERENCES `zone_anader` (`id`),
  ADD CONSTRAINT `FK_55AE4A3DDA6F574A` FOREIGN KEY (`acteur_id`) REFERENCES `acteurs` (`id`);

--
-- Contraintes pour la table `departement`
--
ALTER TABLE `departement`
  ADD CONSTRAINT `FK_C1765B6398260155` FOREIGN KEY (`region_id`) REFERENCES `region` (`id`);

--
-- Contraintes pour la table `fusion`
--
ALTER TABLE `fusion`
  ADD CONSTRAINT `FK_28BEE6B118FB544F` FOREIGN KEY (`requete_id`) REFERENCES `requete` (`id`),
  ADD CONSTRAINT `FK_28BEE6B15CB73291` FOREIGN KEY (`speculation_id`) REFERENCES `speculation` (`id`);

--
-- Contraintes pour la table `localite`
--
ALTER TABLE `localite`
  ADD CONSTRAINT `FK_F5D7E4A967B3B43D` FOREIGN KEY (`users_id`) REFERENCES `users` (`id`),
  ADD CONSTRAINT `FK_F5D7E4A978F2F2A9` FOREIGN KEY (`sousprefecture_id`) REFERENCES `sousprefecture` (`id`),
  ADD CONSTRAINT `FK_F5D7E4A9D94C7C28` FOREIGN KEY (`zoneanader_id`) REFERENCES `zone_anader` (`id`);

--
-- Contraintes pour la table `produits`
--
ALTER TABLE `produits`
  ADD CONSTRAINT `FK_BE2DDF8C830AC58A` FOREIGN KEY (`typespeculation_id`) REFERENCES `type_speculation` (`id`);

--
-- Contraintes pour la table `produit_acteur`
--
ALTER TABLE `produit_acteur`
  ADD CONSTRAINT `FK_1DA81858DA6F574A` FOREIGN KEY (`acteur_id`) REFERENCES `acteurs` (`id`),
  ADD CONSTRAINT `FK_1DA81858F347EFB` FOREIGN KEY (`produit_id`) REFERENCES `produits` (`id`);

--
-- Contraintes pour la table `publication`
--
ALTER TABLE `publication`
  ADD CONSTRAINT `FK_AF3C677967B3B43D` FOREIGN KEY (`users_id`) REFERENCES `users` (`id`),
  ADD CONSTRAINT `FK_AF3C677978F2F2A9` FOREIGN KEY (`sousprefecture_id`) REFERENCES `sousprefecture` (`id`),
  ADD CONSTRAINT `FK_AF3C6779830AC58A` FOREIGN KEY (`typespeculation_id`) REFERENCES `type_speculation` (`id`),
  ADD CONSTRAINT `FK_AF3C6779BA6573E5` FOREIGN KEY (`directionanader_id`) REFERENCES `direction_anader` (`id`),
  ADD CONSTRAINT `FK_AF3C6779CCF9E01E` FOREIGN KEY (`departement_id`) REFERENCES `departement` (`id`),
  ADD CONSTRAINT `FK_AF3C6779D94C7C28` FOREIGN KEY (`zoneanader_id`) REFERENCES `zone_anader` (`id`),
  ADD CONSTRAINT `FK_AF3C6779DA6F574A` FOREIGN KEY (`acteur_id`) REFERENCES `acteurs` (`id`),
  ADD CONSTRAINT `FK_AF3C6779F347EFB` FOREIGN KEY (`produit_id`) REFERENCES `produits` (`id`);

--
-- Contraintes pour la table `requete`
--
ALTER TABLE `requete`
  ADD CONSTRAINT `FK_1E6639AA3414710B` FOREIGN KEY (`agent_id`) REFERENCES `users` (`id`),
  ADD CONSTRAINT `FK_1E6639AA67B3B43D` FOREIGN KEY (`users_id`) REFERENCES `users` (`id`),
  ADD CONSTRAINT `FK_1E6639AAF4C96090` FOREIGN KEY (`statutrequete_id`) REFERENCES `statutrequete` (`id`);

--
-- Contraintes pour la table `sousprefecture`
--
ALTER TABLE `sousprefecture`
  ADD CONSTRAINT `FK_FD731B48CCF9E01E` FOREIGN KEY (`departement_id`) REFERENCES `departement` (`id`);

--
-- Contraintes pour la table `speculation`
--
ALTER TABLE `speculation`
  ADD CONSTRAINT `FK_3C9EF136830AC58A` FOREIGN KEY (`typespeculation_id`) REFERENCES `type_speculation` (`id`),
  ADD CONSTRAINT `FK_3C9EF136DA3B8F3D` FOREIGN KEY (`indicateur_id`) REFERENCES `indicateur` (`id`);

--
-- Contraintes pour la table `stocksms`
--
ALTER TABLE `stocksms`
  ADD CONSTRAINT `FK_DB259E5767B3B43D` FOREIGN KEY (`users_id`) REFERENCES `users` (`id`);

--
-- Contraintes pour la table `zone`
--
ALTER TABLE `zone`
  ADD CONSTRAINT `FK_A0EBC0072BC623C1` FOREIGN KEY (`directionregionale_id`) REFERENCES `direction_regionale` (`id`);

--
-- Contraintes pour la table `zonesousprefecture`
--
ALTER TABLE `zonesousprefecture`
  ADD CONSTRAINT `FK_4D23189A78F2F2A9` FOREIGN KEY (`sousprefecture_id`) REFERENCES `sousprefecture` (`id`),
  ADD CONSTRAINT `FK_4D23189AD94C7C28` FOREIGN KEY (`zoneanader_id`) REFERENCES `zone_anader` (`id`);

--
-- Contraintes pour la table `zone_anader`
--
ALTER TABLE `zone_anader`
  ADD CONSTRAINT `FK_1BEE06ABA6573E5` FOREIGN KEY (`directionanader_id`) REFERENCES `direction_anader` (`id`);
COMMIT;

