-- https://www.phpmyadmin.net/
--
-- Hôte : 127.0.0.1
-- Généré le :  Dim 07 août 2022 à 01:17
-- Version du serveur :  10.3.15-MariaDB
-- Version de PHP :  7.2.19

START TRANSACTION;



--
-- Base de données :  `vsatat`
--

-- --------------------------------------------------------

--
-- Structure de la table `fusion`
--

CREATE TABLE `fusion` (
  `id` int(11) NOT NULL,
  `speculation_id` int(11) DEFAULT NULL,
  `requete_id` int(11) DEFAULT NULL
) ENGINE=InnoDB DEFAULT CHARSET=utf8 COLLATE=utf8_unicode_ci;

--
-- Déchargement des données de la table `fusion`
--

INSERT INTO `fusion` (`id`, `speculation_id`, `requete_id`) VALUES
(1, 45, 11),
(2, 43, 11),
(3, 1, 11),
(4, 5, 11),
(5, 46, 12),
(6, 1, 12),
(7, 24, 13),
(8, 21, 13),
(9, 2, 13),
(10, 44, 14),
(11, 6, 14),
(12, 2, 14),
(13, 32, 15),
(14, 10, 15),
(15, 46, 16),
(16, 44, 16),
(17, 43, 16),
(18, 7, 16),
(19, 24, 16),
(20, 10, 16),
(21, 20, 16),
(22, 5, 16),
(23, 48, 16),
(24, 46, 20),
(25, 6, 20),
(26, 22, 20),
(27, 5, 20),
(28, 46, 21),
(29, 25, 21),
(30, 3, 21),
(31, 48, 21),
(32, 43, 22),
(33, 6, 22),
(34, 15, 22),
(35, 22, 22),
(36, 3, 22),
(37, 45, 23),
(38, 43, 23),
(39, 24, 23),
(40, 19, 23),
(41, 2, 23),
(42, 8, 24),
(43, 10, 24),
(44, 9, 24),
(45, 44, 25),
(46, 10, 25),
(47, 2, 25),
(48, 45, 26),
(49, 6, 26),
(50, 8, 26),
(51, 19, 26),
(52, 36, 27),
(53, 4, 27),
(54, 3, 27),
(55, 48, 27),
(56, 46, 28),
(57, 24, 28),
(58, 23, 28),
(59, 10, 28),
(60, 21, 28),
(61, 5, 28),
(62, 2, 28),
(63, 48, 28),
(64, 46, 29),
(65, 25, 29),
(66, 6, 30),
(67, 4, 30),
(68, 22, 30),
(69, 20, 30),
(70, 2, 30),
(71, 3, 31),
(72, 2, 31),
(73, 25, 32),
(74, 40, 33),
(75, 24, 33),
(76, 1, 33),
(77, 45, 34),
(78, 43, 34),
(79, 6, 34),
(80, 5, 34),
(81, 42, 35),
(82, 10, 35),
(83, 2, 35),
(84, 44, 36),
(85, 6, 36),
(86, 4, 36),
(87, 11, 36),
(88, 44, 37),
(89, 6, 37),
(90, 1, 37),
(91, 10, 37),
(92, 48, 37),
(93, 46, 38),
(94, 24, 38);

-- --------------------------------------------------------

--
-- Structure de la table `indicateur`
--

CREATE TABLE `indicateur` (
  `id` int(11) NOT NULL,
  `nom` varchar(255) COLLATE utf8_unicode_ci NOT NULL
) ENGINE=InnoDB DEFAULT CHARSET=utf8 COLLATE=utf8_unicode_ci;

--
-- Déchargement des données de la table `indicateur`
--

INSERT INTO `indicateur` (`id`, `nom`) VALUES
(1, 'Nombre d exploitant agricole'),
(2, 'Superficie moyenne'),
(3, 'Rendement moyen'),
(4, 'Production Total'),
(5, 'Prix moyen  Bord champ'),
(6, 'Prix Moyen Marche Rural'),
(7, 'Prix moyen Marche Urbain'),
(10, 'BIME');

-- --------------------------------------------------------

--
-- Structure de la table `pays`
--

CREATE TABLE `pays` (
  `id` int(11) NOT NULL,
  `nom` varchar(255) COLLATE utf8_unicode_ci NOT NULL
) ENGINE=InnoDB DEFAULT CHARSET=utf8 COLLATE=utf8_unicode_ci;

--
-- Déchargement des données de la table `pays`
--

INSERT INTO `pays` (`id`, `nom`) VALUES
(1, 'AFGHANISTAN'),
(2, 'AFRIQUE DU SUD'),
(3, 'ALBANIE'),
(4, 'ALGERIE'),
(5, 'ALLEMAGNE'),
(6, 'ANDORRE'),
(7, 'ANGOLA'),
(8, 'ANGUILLA'),
(9, 'ANTIGUA-ET-BARBUDA'),
(10, 'ANTILLES NEERLANDAISES'),
(11, 'ARABIE SAOUDITE'),
(12, 'ARGENTINE'),
(13, 'ARMENIE'),
(14, 'ARUBA'),
(15, 'ASCENSION'),
(16, 'AUSTRALIE'),
(17, 'AUTRICHE'),
(18, 'AZERBA?DJAN'),
(19, 'BAHAMAS'),
(20, 'BAHRE?N'),
(21, 'BANGLADESH'),
(22, 'BARBADE'),
(23, 'BELGIQUE'),
(24, 'BELIZE'),
(25, 'BENIN'),
(26, 'BERMUDES'),
(27, 'BHOUTAN'),
(28, 'BIELORUSSIE'),
(29, 'BIRMANIE'),
(30, 'BOLIVIE'),
(31, 'BOSNIE-HERZEGOVINE'),
(32, 'BOTSWANA'),
(33, 'BRESIL'),
(34, 'BRUNEI DARUSSALAM'),
(35, 'BULGARIE'),
(36, 'BURKINA-FASO'),
(37, 'BURUNDI'),
(38, 'CAMBODGE'),
(39, 'CAMEROUN'),
(40, 'CANADA'),
(41, 'CANADA-QUEBEC'),
(42, 'CAP-VERT'),
(43, 'CAYMAN (Iles)'),
(44, 'CENTRAFRICAINE (R?publique)'),
(45, 'CHILI'),
(46, 'CHINE'),
(47, 'CHYPRE'),
(48, 'COLOMBIE'),
(49, 'COMORES'),
(50, 'CONGO'),
(51, 'CONGO (R?p. D?mocratique)'),
(52, 'COOK (Iles)'),
(53, 'COR?E (R?p. Populaire D?mocratique)'),
(54, 'COR?E (R?publique de)'),
(55, 'COSTA RICA'),
(56, 'COTE D\'IVOIRE'),
(57, 'CROATIE'),
(58, 'CUBA'),
(59, 'DANEMARK'),
(60, 'DJIBOUTI'),
(61, 'DOMINICAINE (R?publique)'),
(62, 'DOMINIQUE'),
(63, 'EGYPTE'),
(64, 'EL SALVADOR'),
(65, 'EMIRATS ARABES UNIS'),
(66, 'EQUATEUR'),
(67, 'ERYTHREE'),
(68, 'ESPAGNE'),
(69, 'ESTONIE'),
(70, 'ETATS-UNIS'),
(71, 'ETHIOPIE'),
(72, 'FALKLAND (Iles)'),
(73, 'FEROE (Iles)'),
(74, 'FIDJI'),
(75, 'FINLANDE'),
(76, 'FRANCE'),
(77, 'GABON'),
(78, 'GAMBIE'),
(79, 'GEORGIE'),
(80, 'GHANA'),
(81, 'GIBRALTAR'),
(82, 'GRECE'),
(83, 'GRENADE'),
(84, 'GROENLAND'),
(85, 'GUADELOUPE'),
(86, 'GUAM'),
(87, 'GUATEMALA'),
(88, 'GUINEE'),
(89, 'GUINEE EQUATORIALE'),
(90, 'GUINEE-BISSAO'),
(91, 'GUYANA'),
(92, 'GUYANE FRANCAISE'),
(93, 'HA?TI'),
(94, 'HONDURAS'),
(95, 'HONG-KONG'),
(96, 'HONGRIE'),
(97, 'ILES VIERGES AMERICAINES'),
(98, 'ILES VIERGES BRITANNIQUES'),
(99, 'INDE'),
(100, 'INDONESIE'),
(101, 'IRAK'),
(102, 'IRAN'),
(103, 'IRLANDE'),
(104, 'ISLANDE'),
(105, 'ISRA?L'),
(106, 'ITALIE'),
(107, 'JAMA?QUE'),
(108, 'JAPON'),
(109, 'JERUSALEM'),
(110, 'JORDANIE'),
(111, 'KAZAKHSTAN'),
(112, 'KENYA'),
(113, 'KIRGHIZISTAN'),
(114, 'KIRIBATI'),
(115, 'KOSOVO'),
(116, 'KOWE?T'),
(117, 'LAOS'),
(118, 'LESOTHO'),
(119, 'LETTONIE'),
(120, 'LIBAN'),
(121, 'LIBERIA'),
(122, 'LIBYE'),
(123, 'LIECHTENSTEIN'),
(124, 'LITUANIE'),
(125, 'LUXEMBOURG'),
(126, 'MACAO'),
(127, 'MACEDOINE'),
(128, 'MADAGASCAR'),
(129, 'MALAISIE'),
(130, 'MALAWI'),
(131, 'MALDIVES (Iles)'),
(132, 'MALI'),
(133, 'MALTE'),
(134, 'MARIANNES (Iles)'),
(135, 'MAROC'),
(136, 'MARSHALL (Iles)'),
(137, 'MARTINIQUE'),
(138, 'MAURICE'),
(139, 'MAURITANIE'),
(140, 'MAYOTTE'),
(141, 'MEXIQUE'),
(142, 'MICRONESIE'),
(143, 'MOLDAVIE'),
(144, 'MONACO'),
(145, 'MONGOLIE'),
(146, 'MONTENEGRO'),
(147, 'MONTSERRAT'),
(148, 'MOZAMBIQUE'),
(149, 'NAMIBIE'),
(150, 'NAURU'),
(151, 'NEPAL'),
(152, 'NICARAGUA'),
(153, 'NIGER'),
(154, 'NIGERIA'),
(155, 'NIUE'),
(156, 'NORFOLK (Ile)'),
(157, 'NORVEGE'),
(158, 'NOUVELLE CALEDONIE'),
(159, 'NOUVELLE-ZELANDE'),
(160, 'OMAN'),
(161, 'OUGANDA'),
(162, 'OUZBEKISTAN'),
(163, 'PAKISTAN'),
(164, 'PALAOS'),
(165, 'PANAMA'),
(166, 'PAPOUASIE-NOUVELLE-GUINEE'),
(167, 'PARAGUAY'),
(169, 'PAYS-BAS'),
(170, 'PEROU'),
(171, 'PHILIPPINES'),
(172, 'POLOGNE'),
(173, 'POLYNESIE FRANCAISE'),
(174, 'PORTO RICO, USA'),
(175, 'PORTUGAL'),
(176, 'QATAR'),
(177, 'REUNION'),
(178, 'ROUMANIE'),
(179, 'ROYAUME-UNI'),
(180, 'RUSSIE'),
(181, 'RWANDA'),
(182, 'SAINTE-HELENE'),
(183, 'SAINTE-LUCIE'),
(184, 'SAINT-KITTS-ET-NEVIS'),
(185, 'SAINT-MARIN'),
(186, 'SAINT-PIERRE-ET-MIQUELON'),
(187, 'SAINT-VINCENT-ET-LES-GRENADINES'),
(188, 'SALOMON (Iles)'),
(189, 'SAMOA AMERICAINES'),
(190, 'SAMOA OCCIDENTALES'),
(191, 'SAO TOME ET PRINCIPE'),
(192, 'SENEGAL'),
(193, 'SERBIE'),
(194, 'SERBIE ET MONTENEGRO'),
(195, 'SEYCHELLES'),
(196, 'SIERRA LEONE'),
(197, 'SINGAPOUR'),
(198, 'SLOVAQUIE'),
(199, 'SLOVENIE'),
(200, 'SOMALIE'),
(201, 'SOUDAN'),
(202, 'SOUDAN DU SUD'),
(203, 'SRI LANKA'),
(204, 'SUEDE'),
(205, 'SUISSE'),
(206, 'SURINAME'),
(207, 'SWAZILAND'),
(208, 'SYRIE'),
(209, 'TADJIKISTAN'),
(210, 'TAIWAN'),
(211, 'TANZANIE'),
(212, 'TCHAD'),
(213, 'TCHEQUE (R?publique)'),
(214, 'TERRITOIRES PALESTINIENS'),
(215, 'THA?LANDE'),
(216, 'TIMOR ORIENTAL'),
(217, 'TOGO'),
(218, 'TOKELAU'),
(219, 'TONGA (Iles)'),
(220, 'TRINITE-ET-TOBAGO'),
(221, 'TUNISIE'),
(222, 'TURKMENISTAN'),
(223, 'TURKS ET CAICOS'),
(224, 'TURQUIE'),
(225, 'TUVALU'),
(226, 'UKRAINE'),
(227, 'URUGUAY'),
(228, 'VANUATU'),
(229, 'VENEZUELA'),
(230, 'VIETNAM'),
(231, 'WALLIS-ET-FUTUNA'),
(232, 'YEMEN'),
(233, 'ZAMBIE'),
(234, 'ZIMBABWE');

-- --------------------------------------------------------

--
-- Structure de la table `requete`
--

CREATE TABLE `requete` (
  `id` int(11) NOT NULL,
  `users_id` int(11) DEFAULT NULL,
  `statutrequete_id` int(11) DEFAULT NULL,
  `description` longtext COLLATE utf8_unicode_ci NOT NULL,
  `raison` varchar(255) COLLATE utf8_unicode_ci NOT NULL,
  `piecejointe` varchar(255) COLLATE utf8_unicode_ci DEFAULT NULL,
  `dateformulation` date NOT NULL,
  `delaitraitelent` date DEFAULT NULL,
  `datevalidation` date DEFAULT NULL,
  `observation` longtext COLLATE utf8_unicode_ci DEFAULT NULL,
  `agent_id` int(11) DEFAULT NULL,
  `observationagent` longtext COLLATE utf8_unicode_ci DEFAULT NULL
) ENGINE=InnoDB DEFAULT CHARSET=utf8 COLLATE=utf8_unicode_ci;

--
-- Déchargement des données de la table `requete`
--

INSERT INTO `requete` (`id`, `users_id`, `statutrequete_id`, `description`, `raison`, `piecejointe`, `dateformulation`, `delaitraitelent`, `datevalidation`, `observation`, `agent_id`, `observationagent`) VALUES
(11, NULL, NULL, 'vfvvv', 'ff', NULL, '2020-10-18', NULL, NULL, 'vv cbcb', NULL, NULL),
(12, NULL, NULL, 'cvcvc', 'gffggff', NULL, '2020-10-18', NULL, NULL, 'dvcvccv', NULL, NULL),
(13, NULL, NULL, 'fgdfgdfgdfg', 'requete test', NULL, '2020-12-01', NULL, NULL, 'fghdbhghgfh', NULL, NULL),
(14, NULL, NULL, 'Pour mémoire', 'Enquête', NULL, '2020-12-14', NULL, NULL, 'Pour acquit', NULL, NULL),
(15, NULL, 3, 'xxxx', 'xxxx', NULL, '2020-12-15', '2020-12-14', NULL, NULL, NULL, NULL),
(16, NULL, 3, 'hjdzfjvdsbvblvkb', 'Mémoire', NULL, '2020-12-18', '2020-12-25', NULL, NULL, 11, NULL),
(17, 14, 3, 'dqqdvv', 'debfkld', NULL, '2021-01-22', '2021-01-23', NULL, 'wvwcvcwcvwcv', 14, 'Regularisation'),
(18, NULL, NULL, 'DESIR REDIGER UNE THESE', 'MEMOIRE DOCTORAT', NULL, '2021-01-10', NULL, NULL, 'OK', NULL, NULL),
(19, NULL, NULL, 'DESIR REDIGER UNE THESE', 'MEMOIRE DOCTORAT', NULL, '2021-01-10', NULL, NULL, 'OK', NULL, NULL),
(20, NULL, NULL, 'DESIR REDIGER UNE THESE', 'MEMOIRE DOCTORAT', NULL, '2021-01-10', NULL, NULL, 'OK', NULL, NULL),
(21, 5, 8, 'HAUT NIVEAU SEARCH', 'RECHERCHE', NULL, '2021-01-19', '2021-01-11', NULL, 'ggg', 14, 'fdxgfxf'),
(22, NULL, 6, 'exoplan', 'exo', NULL, '2021-01-11', '2021-01-11', NULL, NULL, 11, NULL),
(23, 13, 8, 'désir unr fouille complète', 'fouille', NULL, '2021-01-12', '2021-01-12', NULL, 'Double RAS', NULL, 'Requêtes transmises aux clients'),
(24, 13, 7, 'Tirade', 'Tri scientifique', NULL, '2021-01-20', '2021-01-20', NULL, 'RAS', 14, 'En charge, veuillez vous préparer pour le paiement, Requête délivrée'),
(25, NULL, 6, 'recherche appliquée', 'triviale', NULL, '2021-01-19', '2021-01-14', NULL, 'top', NULL, 'Pris en charge'),
(26, 15, 8, 'Je désire ces informations pour renforcer mes fiches de formation', 'FORMATION', NULL, '2021-01-19', '2021-01-19', NULL, 'Dans l\'attente de ma requête', NULL, 'Requête en charge par Rob Stark, RDV au siège pour le paiement'),
(27, 15, 8, 'Pour toute fin utile', 'Doctorat', NULL, '2021-01-19', '2021-01-19', NULL, 'Veuillez traiter cette requête avec diligence', NULL, 'Veuillez vous présenter à la caisse pour le paiement'),
(28, 15, 8, 'APPROFONDIR LES CONNAISSANCES ACQUISES', 'RECHERCHE APPLIQUEE', NULL, '2021-01-19', '2021-01-19', NULL, 'URGENT', 14, 'Requête pris en charge, préparez vous pour le paiement'),
(29, 15, 8, 'test', 'test', NULL, '2021-01-19', '2021-01-19', NULL, 'test', 14, 'test'),
(30, 15, 9, 'Réhabiliter toutes les parcelles', 'REHABILITATION', NULL, '2021-01-20', '2021-01-21', NULL, 'Bim', 14, 'Haut les coeurs, traitement en cours, non respect de la cotation'),
(31, 16, NULL, 'Pour nécessité d\'enquête', 'Etude cabinet', NULL, '2021-01-21', NULL, NULL, 'Diligence', NULL, NULL),
(32, 16, 8, 'Envisage une exploitation industrielle', 'Production', NULL, '2021-01-21', '2021-01-23', NULL, 'Cordialement', 14, 'Requête prise en charge, veuillez procéder au paiement'),
(33, 15, 8, 'ENQUETE', 'DCRP', NULL, '2021-03-09', '2021-03-11', NULL, 'Besoin urgent', 14, 'Requête pris rn charges. Merci\r\nVeuillez vous rendre à notre siège pour le paiement de 200 000 pour les requêtes demandées. Merci'),
(34, 32, 8, 'BLA BLA', 'LASS', NULL, '2021-07-01', '2021-07-08', NULL, 'URGENCE SIGNALEE', 14, 'Veuillez vous rendre au Siège de l\'ANADER à la date de rendez vous muni de la totalité de la somme'),
(35, 32, 6, 'ETUDE DIAG', 'ETUDE', NULL, '2022-02-04', '2021-07-07', NULL, 'OK', 14, 'Préparez vous au règlement de votre requête ok'),
(36, NULL, 8, 'En vue d\'une étude nationale', 'ENQUETES STATISTIQUES', NULL, '2022-02-05', '2022-02-07', NULL, NULL, 14, 'Préparez-vous au paiement on vous contacte'),
(37, 36, 8, 'Dans le cadre de .....', 'POUR UNE ETUDE DE MARCHE', NULL, '2022-03-02', '2022-03-11', NULL, 'urgent urgent', 14, 'Requête disponible prière passer pour le règlement'),
(38, 4, NULL, 'TESTER LA DATE EN COURS', 'TEST', NULL, '2022-07-20', NULL, NULL, 'BON OU PAS', NULL, NULL);

-- --------------------------------------------------------

--
-- Structure de la table `slide`
--

CREATE TABLE `slide` (
  `id` int(11) NOT NULL,
  `image` varchar(255) COLLATE utf8_unicode_ci DEFAULT NULL,
  `titre` varchar(255) COLLATE utf8_unicode_ci DEFAULT NULL,
  `url` varchar(255) COLLATE utf8_unicode_ci DEFAULT NULL,
  `statut` tinyint(1) NOT NULL
) ENGINE=InnoDB DEFAULT CHARSET=utf8 COLLATE=utf8_unicode_ci;

--
-- Déchargement des données de la table `slide`
--

INSERT INTO `slide` (`id`, `image`, `titre`, `url`, `statut`) VALUES
(1, 'test', 'test', 'test', 1),
(2, 'yjyy', 'hyjuju', 'hjhjkjkjkj', 1);

-- --------------------------------------------------------

--
-- Structure de la table `speculation`
--

CREATE TABLE `speculation` (
  `id` int(11) NOT NULL,
  `nom` varchar(255) COLLATE utf8_unicode_ci NOT NULL,
  `indicateur_id` int(11) DEFAULT NULL
) ENGINE=InnoDB DEFAULT CHARSET=utf8 COLLATE=utf8_unicode_ci;

--
-- Déchargement des données de la table `speculation`
--

INSERT INTO `speculation` (`id`, `nom`, `indicateur_id`) VALUES
(1, 'Cafe', 3),
(2, 'Cacao', 7),
(3, 'Graine de Palme', 5),
(4, 'Anacarde', 3),
(5, 'Mais', 6),
(6, 'Arachide coque fraiche', 2),
(7, 'Arachide decortiquee', 1),
(8, 'Igname', 3),
(9, 'Manioc', 7),
(10, 'Banane plantain', 4),
(11, 'Fonio', 4),
(12, 'Aubergine N drowa', 6),
(13, 'Aubergine Violette', 1),
(14, 'Gombo Frais', 1),
(15, 'Gombo Sec', 3),
(16, 'Riz paddy', 1),
(17, 'Poulet traditionnel', 1),
(18, 'Bovins', 1),
(19, 'Ovins', 7),
(20, 'Porcins', 6),
(21, 'Mil Grain', 5),
(22, 'Ananas', 4),
(23, 'Banane douce', 3),
(24, 'Citron', 2),
(25, 'Cola', 2),
(26, 'Fruit de passion', 1),
(27, 'Gingembre', 1),
(28, 'Mangue Kent', 1),
(29, 'Niebe', 1),
(30, 'Orange', 1),
(31, 'Pamplemousse', 1),
(32, 'Papaye', 1),
(33, 'Mandarine', 1),
(34, 'Goyave', 1),
(35, 'Haricot Blanc', 1),
(36, 'Haricot Rouge', 1),
(37, 'Haricot Sec', 1),
(38, 'Carotte Locale', 1),
(39, 'Choux', 1),
(40, 'Concombre', 1),
(41, 'Haricot Vert', 1),
(42, 'Laitue', 1),
(43, 'Oignon', 1),
(44, 'Oignon Violet', 1),
(45, 'Huile Rouge', 1),
(46, 'Oeufs', 1),
(47, 'Huile Rouge', 5),
(48, 'BETERAVE VERTE', 10);

-- --------------------------------------------------------

--
-- Structure de la table `statutrequete`
--

CREATE TABLE `statutrequete` (
  `id` int(11) NOT NULL,
  `libellestatut` varchar(255) COLLATE utf8_unicode_ci NOT NULL
) ENGINE=InnoDB DEFAULT CHARSET=utf8 COLLATE=utf8_unicode_ci;

--
-- Déchargement des données de la table `statutrequete`
--

INSERT INTO `statutrequete` (`id`, `libellestatut`) VALUES
(3, 'En attente'),
(6, 'En Traitement'),
(7, 'Formulée'),
(8, 'Validée'),
(9, 'Rejetée');

--
-- Index pour les tables déchargées
--

--
-- Index pour la table `fusion`
--
ALTER TABLE `fusion`
  ADD PRIMARY KEY (`id`),
  ADD KEY `IDX_28BEE6B15CB73291` (`speculation_id`),
  ADD KEY `IDX_28BEE6B118FB544F` (`requete_id`);

--
-- Index pour la table `indicateur`
--
ALTER TABLE `indicateur`
  ADD PRIMARY KEY (`id`);

--
-- Index pour la table `pays`
--
ALTER TABLE `pays`
  ADD PRIMARY KEY (`id`);

--
-- Index pour la table `requete`
--
ALTER TABLE `requete`
  ADD PRIMARY KEY (`id`),
  ADD KEY `IDX_1E6639AA67B3B43D` (`users_id`),
  ADD KEY `IDX_1E6639AAF4C96090` (`statutrequete_id`),
  ADD KEY `IDX_1E6639AA3414710B` (`agent_id`);

--
-- Index pour la table `slide`
--
ALTER TABLE `slide`
  ADD PRIMARY KEY (`id`);

--
-- Index pour la table `speculation`
--
ALTER TABLE `speculation`
  ADD PRIMARY KEY (`id`),
  ADD KEY `IDX_3C9EF136DA3B8F3D` (`indicateur_id`);

--
-- Index pour la table `statutrequete`
--
ALTER TABLE `statutrequete`
  ADD PRIMARY KEY (`id`);

--
-- AUTO_INCREMENT pour les tables déchargées
--

--
-- AUTO_INCREMENT pour la table `fusion`
--
ALTER TABLE `fusion`
  MODIFY `id` int(11) NOT NULL AUTO_INCREMENT, AUTO_INCREMENT=95;

--
-- AUTO_INCREMENT pour la table `indicateur`
--
ALTER TABLE `indicateur`
  MODIFY `id` int(11) NOT NULL AUTO_INCREMENT, AUTO_INCREMENT=11;

--
-- AUTO_INCREMENT pour la table `pays`
--
ALTER TABLE `pays`
  MODIFY `id` int(11) NOT NULL AUTO_INCREMENT, AUTO_INCREMENT=235;

--
-- AUTO_INCREMENT pour la table `requete`
--
ALTER TABLE `requete`
  MODIFY `id` int(11) NOT NULL AUTO_INCREMENT, AUTO_INCREMENT=39;

--
-- AUTO_INCREMENT pour la table `slide`
--
ALTER TABLE `slide`
  MODIFY `id` int(11) NOT NULL AUTO_INCREMENT, AUTO_INCREMENT=3;

--
-- AUTO_INCREMENT pour la table `speculation`
--
ALTER TABLE `speculation`
  MODIFY `id` int(11) NOT NULL AUTO_INCREMENT, AUTO_INCREMENT=49;

--
-- AUTO_INCREMENT pour la table `statutrequete`
--
ALTER TABLE `statutrequete`
  MODIFY `id` int(11) NOT NULL AUTO_INCREMENT, AUTO_INCREMENT=10;

--
-- Contraintes pour les tables déchargées
--

--
-- Contraintes pour la table `fusion`
--
ALTER TABLE `fusion`
  ADD CONSTRAINT `FK_28BEE6B118FB544F` FOREIGN KEY (`requete_id`) REFERENCES `requete` (`id`),
  ADD CONSTRAINT `FK_28BEE6B15CB73291` FOREIGN KEY (`speculation_id`) REFERENCES `speculation` (`id`);

--
-- Contraintes pour la table `requete`
--
ALTER TABLE `requete`
  ADD CONSTRAINT `FK_1E6639AA3414710B` FOREIGN KEY (`agent_id`) REFERENCES `users` (`id`),
  ADD CONSTRAINT `FK_1E6639AA67B3B43D` FOREIGN KEY (`users_id`) REFERENCES `users` (`id`),
  ADD CONSTRAINT `FK_1E6639AAF4C96090` FOREIGN KEY (`statutrequete_id`) REFERENCES `statutrequete` (`id`);

--
-- Contraintes pour la table `speculation`
--
ALTER TABLE `speculation`
  ADD CONSTRAINT `FK_3C9EF136DA3B8F3D` FOREIGN KEY (`indicateur_id`) REFERENCES `indicateur` (`id`);
COMMIT;

